{"id":1031,"date":"2018-11-26T17:59:59","date_gmt":"2018-11-26T16:59:59","guid":{"rendered":"http:\/\/www.exclusifmag.com\/online\/wp-content\/uploads\/2018\/11\/Sur-la-terrasse-tr\u00e8s-pris\u00e9e-de-lAlp-Gr\u00fcm-c-G.A.-D..jpg"},"modified":"2018-11-27T14:53:55","modified_gmt":"2018-11-27T13:53:55","slug":"sur-la-terrasse-tres-prisee-de-lalp-grum-c-g-a-d","status":"inherit","type":"attachment","link":"https:\/\/www.exclusifmag.com\/online\/bernina-express\/sur-la-terrasse-tres-prisee-de-lalp-grum-c-g-a-d\/","title":{"rendered":"."},"author":1,"featured_media":0,"comment_status":"open","ping_status":"closed","template":"","meta":[],"class_list":["post-1031","attachment","type-attachment","status-inherit","hentry"],"description":{"rendered":"<p class=\"attachment\"><a href='https:\/\/www.exclusifmag.com\/online\/wp-content\/uploads\/2018\/11\/Sur-la-terrasse-tr\u00e8s-pris\u00e9e-de-lAlp-Gr\u00fcm-c-G.A.-D..jpg'><img loading=\"lazy\" decoding=\"async\" width=\"400\" height=\"266\" src=\"https:\/\/www.exclusifmag.com\/online\/wp-content\/uploads\/2018\/11\/Sur-la-terrasse-tr\u00e8s-pris\u00e9e-de-lAlp-Gr\u00fcm-c-G.A.-D.-400x266.jpg\" class=\"attachment-medium size-medium\" alt=\"Sur la terrasse tr\u00e8s pris\u00e9e de l&#039;Alp Gr\u00fcm (c) G.A.-D\" srcset=\"https:\/\/www.exclusifmag.com\/online\/wp-content\/uploads\/2018\/11\/Sur-la-terrasse-tr\u00e8s-pris\u00e9e-de-lAlp-Gr\u00fcm-c-G.A.-D.-400x266.jpg 400w, https:\/\/www.exclusifmag.com\/online\/wp-content\/uploads\/2018\/11\/Sur-la-terrasse-tr\u00e8s-pris\u00e9e-de-lAlp-Gr\u00fcm-c-G.A.-D.-768x510.jpg 768w, https:\/\/www.exclusifmag.com\/online\/wp-content\/uploads\/2018\/11\/Sur-la-terrasse-tr\u00e8s-pris\u00e9e-de-lAlp-Gr\u00fcm-c-G.A.-D.-828x550.jpg 828w, https:\/\/www.exclusifmag.com\/online\/wp-content\/uploads\/2018\/11\/Sur-la-terrasse-tr\u00e8s-pris\u00e9e-de-lAlp-Gr\u00fcm-c-G.A.-D..jpg 900w\" sizes=\"auto, (max-width: 400px) 100vw, 400px\" \/><\/a><\/p>\n"},"caption":{"rendered":""},"alt_text":"Sur la terrasse tr\u00e8s pris\u00e9e de l'Alp Gr\u00fcm (c) G.A.-D","media_type":"image","mime_type":"image\/jpeg","media_details":{"width":900,"height":598,"file":"2018\/11\/Sur-la-terrasse-tr\u00e8s-pris\u00e9e-de-lAlp-Gr\u00fcm-c-G.A.-D..jpg","sizes":{"thumbnail":{"file":"Sur-la-terrasse-tr\u00e8s-pris\u00e9e-de-lAlp-Gr\u00fcm-c-G.A.-D.-250x250.jpg","width":"250","height":"250","mime_type":"image\/jpeg","source_url":"https:\/\/www.exclusifmag.com\/online\/wp-content\/uploads\/2018\/11\/Sur-la-terrasse-tr\u00e8s-pris\u00e9e-de-lAlp-Gr\u00fcm-c-G.A.-D.-250x250.jpg"},"medium":{"file":"Sur-la-terrasse-tr\u00e8s-pris\u00e9e-de-lAlp-Gr\u00fcm-c-G.A.-D.-400x266.jpg","width":"400","height":"266","mime_type":"image\/jpeg","source_url":"https:\/\/www.exclusifmag.com\/online\/wp-content\/uploads\/2018\/11\/Sur-la-terrasse-tr\u00e8s-pris\u00e9e-de-lAlp-Gr\u00fcm-c-G.A.-D.-400x266.jpg"},"medium_large":{"file":"Sur-la-terrasse-tr\u00e8s-pris\u00e9e-de-lAlp-Gr\u00fcm-c-G.A.-D.-768x510.jpg","width":"768","height":"510","mime_type":"image\/jpeg","source_url":"https:\/\/www.exclusifmag.com\/online\/wp-content\/uploads\/2018\/11\/Sur-la-terrasse-tr\u00e8s-pris\u00e9e-de-lAlp-Gr\u00fcm-c-G.A.-D.-768x510.jpg"},"article1hori":{"file":"Sur-la-terrasse-tr\u00e8s-pris\u00e9e-de-lAlp-Gr\u00fcm-c-G.A.-D.-900x500.jpg","width":"900","height":"500","mime_type":"image\/jpeg","source_url":"https:\/\/www.exclusifmag.com\/online\/wp-content\/uploads\/2018\/11\/Sur-la-terrasse-tr\u00e8s-pris\u00e9e-de-lAlp-Gr\u00fcm-c-G.A.-D.-900x500.jpg"},"article4":{"file":"Sur-la-terrasse-tr\u00e8s-pris\u00e9e-de-lAlp-Gr\u00fcm-c-G.A.-D.-400x400.jpg","width":"400","height":"400","mime_type":"image\/jpeg","source_url":"https:\/\/www.exclusifmag.com\/online\/wp-content\/uploads\/2018\/11\/Sur-la-terrasse-tr\u00e8s-pris\u00e9e-de-lAlp-Gr\u00fcm-c-G.A.-D.-400x400.jpg"},"article2":{"file":"Sur-la-terrasse-tr\u00e8s-pris\u00e9e-de-lAlp-Gr\u00fcm-c-G.A.-D.-800x400.jpg","width":"800","height":"400","mime_type":"image\/jpeg","source_url":"https:\/\/www.exclusifmag.com\/online\/wp-content\/uploads\/2018\/11\/Sur-la-terrasse-tr\u00e8s-pris\u00e9e-de-lAlp-Gr\u00fcm-c-G.A.-D.-800x400.jpg"},"article1verti":{"file":"Sur-la-terrasse-tr\u00e8s-pris\u00e9e-de-lAlp-Gr\u00fcm-c-G.A.-D.-400x598.jpg","width":"400","height":"598","mime_type":"image\/jpeg","source_url":"https:\/\/www.exclusifmag.com\/online\/wp-content\/uploads\/2018\/11\/Sur-la-terrasse-tr\u00e8s-pris\u00e9e-de-lAlp-Gr\u00fcm-c-G.A.-D.-400x598.jpg"},"article":{"file":"Sur-la-terrasse-tr\u00e8s-pris\u00e9e-de-lAlp-Gr\u00fcm-c-G.A.-D.-840x400.jpg","width":"840","height":"400","mime_type":"image\/jpeg","source_url":"https:\/\/www.exclusifmag.com\/online\/wp-content\/uploads\/2018\/11\/Sur-la-terrasse-tr\u00e8s-pris\u00e9e-de-lAlp-Gr\u00fcm-c-G.A.-D.-840x400.jpg"},"article900":{"file":"Sur-la-terrasse-tr\u00e8s-pris\u00e9e-de-lAlp-Gr\u00fcm-c-G.A.-D.-828x550.jpg","width":"828","height":"550","mime_type":"image\/jpeg","source_url":"https:\/\/www.exclusifmag.com\/online\/wp-content\/uploads\/2018\/11\/Sur-la-terrasse-tr\u00e8s-pris\u00e9e-de-lAlp-Gr\u00fcm-c-G.A.-D.-828x550.jpg"},"magpapier":{"file":"Sur-la-terrasse-tr\u00e8s-pris\u00e9e-de-lAlp-Gr\u00fcm-c-G.A.-D.-500x598.jpg","width":"500","height":"598","mime_type":"image\/jpeg","source_url":"https:\/\/www.exclusifmag.com\/online\/wp-content\/uploads\/2018\/11\/Sur-la-terrasse-tr\u00e8s-pris\u00e9e-de-lAlp-Gr\u00fcm-c-G.A.-D.-500x598.jpg"},"full":{"file":"Sur-la-terrasse-tr\u00e8s-pris\u00e9e-de-lAlp-Gr\u00fcm-c-G.A.-D..jpg","width":900,"height":598,"mime_type":"image\/jpeg","source_url":"https:\/\/www.exclusifmag.com\/online\/wp-content\/uploads\/2018\/11\/Sur-la-terrasse-tr\u00e8s-pris\u00e9e-de-lAlp-Gr\u00fcm-c-G.A.-D..jpg"}},"image_meta":{"aperture":"3.5","credit":"","camera":"SAMSUNG PL150 \/ VLUU PL150 \/ SAMSUNG TL210 \/ SAMSUNG PL151","caption":"","created_timestamp":"1504017319","copyright":"COPYRIGHT, 2009","focal_length":"4.9","iso":"80","shutter_speed":"0.002","title":"","orientation":"1"}},"post":1018,"source_url":"https:\/\/www.exclusifmag.com\/online\/wp-content\/uploads\/2018\/11\/Sur-la-terrasse-tr\u00e8s-pris\u00e9e-de-lAlp-Gr\u00fcm-c-G.A.-D..jpg","_links":{"self":[{"href":"https:\/\/www.exclusifmag.com\/online\/wp-json\/wp\/v2\/media\/1031","targetHints":{"allow":["GET"]}}],"collection":[{"href":"https:\/\/www.exclusifmag.com\/online\/wp-json\/wp\/v2\/media"}],"about":[{"href":"https:\/\/www.exclusifmag.com\/online\/wp-json\/wp\/v2\/types\/attachment"}],"author":[{"embeddable":true,"href":"https:\/\/www.exclusifmag.com\/online\/wp-json\/wp\/v2\/users\/1"}],"replies":[{"embeddable":true,"href":"https:\/\/www.exclusifmag.com\/online\/wp-json\/wp\/v2\/comments?post=1031"}],"wp:attached-to":[{"embeddable":true,"post_type":"post","id":1018,"href":"https:\/\/www.exclusifmag.com\/online\/wp-json\/wp\/v2\/posts\/1018"}],"curies":[{"name":"wp","href":"https:\/\/api.w.org\/{rel}","templated":true}]}}

http://www.exclusifmag.com/online/wp-content/uploads/2018/11/Sur-la-terrasse-très-prisée-de-lAlp-Grüm-c-G.A.-D..jpg

<p class="attachment"><a href='https://www.exclusifmag.com/online/wp-content/uploads/2018/11/Sur-la-terrasse-très-prisée-de-lAlp-Grüm-c-G.A.-D..jpg'><img loading="lazy" decoding="async" width="400" height="266" src="https://www.exclusifmag.com/online/wp-content/uploads/2018/11/Sur-la-terrasse-très-prisée-de-lAlp-Grüm-c-G.A.-D.-400x266.jpg" class="attachment-medium size-medium" alt="Sur la terrasse très prisée de l&#039;Alp Grüm (c) G.A.-D" srcset="https://www.exclusifmag.com/online/wp-content/uploads/2018/11/Sur-la-terrasse-très-prisée-de-lAlp-Grüm-c-G.A.-D.-400x266.jpg 400w, https://www.exclusifmag.com/online/wp-content/uploads/2018/11/Sur-la-terrasse-très-prisée-de-lAlp-Grüm-c-G.A.-D.-768x510.jpg 768w, https://www.exclusifmag.com/online/wp-content/uploads/2018/11/Sur-la-terrasse-très-prisée-de-lAlp-Grüm-c-G.A.-D.-828x550.jpg 828w, https://www.exclusifmag.com/online/wp-content/uploads/2018/11/Sur-la-terrasse-très-prisée-de-lAlp-Grüm-c-G.A.-D..jpg 900w" sizes="auto, (max-width: 400px) 100vw, 400px" /></a></p>

Sur la terrasse très prisée de l'Alp Grüm (c) G.A.-D

2018/11/Sur-la-terrasse-très-prisée-de-lAlp-Grüm-c-G.A.-D..jpg

Sur-la-terrasse-très-prisée-de-lAlp-Grüm-c-G.A.-D.-250x250.jpg

https://www.exclusifmag.com/online/wp-content/uploads/2018/11/Sur-la-terrasse-très-prisée-de-lAlp-Grüm-c-G.A.-D.-250x250.jpg

Sur-la-terrasse-très-prisée-de-lAlp-Grüm-c-G.A.-D.-400x266.jpg

https://www.exclusifmag.com/online/wp-content/uploads/2018/11/Sur-la-terrasse-très-prisée-de-lAlp-Grüm-c-G.A.-D.-400x266.jpg

Sur-la-terrasse-très-prisée-de-lAlp-Grüm-c-G.A.-D.-768x510.jpg

https://www.exclusifmag.com/online/wp-content/uploads/2018/11/Sur-la-terrasse-très-prisée-de-lAlp-Grüm-c-G.A.-D.-768x510.jpg

Sur-la-terrasse-très-prisée-de-lAlp-Grüm-c-G.A.-D.-900x500.jpg

https://www.exclusifmag.com/online/wp-content/uploads/2018/11/Sur-la-terrasse-très-prisée-de-lAlp-Grüm-c-G.A.-D.-900x500.jpg

Sur-la-terrasse-très-prisée-de-lAlp-Grüm-c-G.A.-D.-400x400.jpg

https://www.exclusifmag.com/online/wp-content/uploads/2018/11/Sur-la-terrasse-très-prisée-de-lAlp-Grüm-c-G.A.-D.-400x400.jpg

Sur-la-terrasse-très-prisée-de-lAlp-Grüm-c-G.A.-D.-800x400.jpg

https://www.exclusifmag.com/online/wp-content/uploads/2018/11/Sur-la-terrasse-très-prisée-de-lAlp-Grüm-c-G.A.-D.-800x400.jpg

Sur-la-terrasse-très-prisée-de-lAlp-Grüm-c-G.A.-D.-400x598.jpg

https://www.exclusifmag.com/online/wp-content/uploads/2018/11/Sur-la-terrasse-très-prisée-de-lAlp-Grüm-c-G.A.-D.-400x598.jpg

Sur-la-terrasse-très-prisée-de-lAlp-Grüm-c-G.A.-D.-840x400.jpg

https://www.exclusifmag.com/online/wp-content/uploads/2018/11/Sur-la-terrasse-très-prisée-de-lAlp-Grüm-c-G.A.-D.-840x400.jpg

Sur-la-terrasse-très-prisée-de-lAlp-Grüm-c-G.A.-D.-828x550.jpg

https://www.exclusifmag.com/online/wp-content/uploads/2018/11/Sur-la-terrasse-très-prisée-de-lAlp-Grüm-c-G.A.-D.-828x550.jpg

Sur-la-terrasse-très-prisée-de-lAlp-Grüm-c-G.A.-D.-500x598.jpg

https://www.exclusifmag.com/online/wp-content/uploads/2018/11/Sur-la-terrasse-très-prisée-de-lAlp-Grüm-c-G.A.-D.-500x598.jpg

Sur-la-terrasse-très-prisée-de-lAlp-Grüm-c-G.A.-D..jpg

https://www.exclusifmag.com/online/wp-content/uploads/2018/11/Sur-la-terrasse-très-prisée-de-lAlp-Grüm-c-G.A.-D..jpg
