{"id":2087,"date":"2018-12-18T19:03:53","date_gmt":"2018-12-18T18:03:53","guid":{"rendered":"http:\/\/www.exclusifmag.com\/online\/wp-content\/uploads\/2018\/12\/Le-Mus\u00e9e-des-Arts-Islamiques-vue-sur-les-\u00e9tages-C-GAD-.jpg"},"modified":"2018-12-20T19:33:53","modified_gmt":"2018-12-20T18:33:53","slug":"le-musee-des-arts-islamiques-vue-sur-les-etages-c-gad","status":"inherit","type":"attachment","link":"https:\/\/www.exclusifmag.com\/online\/le-musee-des-arts-islamiques-vue-sur-les-etages-c-gad\/","title":{"rendered":""},"author":1,"featured_media":0,"comment_status":"open","ping_status":"closed","template":"","meta":[],"class_list":["post-2087","attachment","type-attachment","status-inherit","hentry"],"description":{"rendered":"<p class=\"attachment\"><a href='https:\/\/www.exclusifmag.com\/online\/wp-content\/uploads\/2018\/12\/Le-Mus\u00e9e-des-Arts-Islamiques-vue-sur-les-\u00e9tages-C-GAD-.jpg'><img loading=\"lazy\" decoding=\"async\" width=\"400\" height=\"267\" src=\"https:\/\/www.exclusifmag.com\/online\/wp-content\/uploads\/2018\/12\/Le-Mus\u00e9e-des-Arts-Islamiques-vue-sur-les-\u00e9tages-C-GAD--400x267.jpg\" class=\"attachment-medium size-medium\" alt=\"Le Mus\u00e9e des Arts Islamiques vue sur les \u00e9tages (C) GAD\" srcset=\"https:\/\/www.exclusifmag.com\/online\/wp-content\/uploads\/2018\/12\/Le-Mus\u00e9e-des-Arts-Islamiques-vue-sur-les-\u00e9tages-C-GAD--400x267.jpg 400w, https:\/\/www.exclusifmag.com\/online\/wp-content\/uploads\/2018\/12\/Le-Mus\u00e9e-des-Arts-Islamiques-vue-sur-les-\u00e9tages-C-GAD--768x512.jpg 768w, https:\/\/www.exclusifmag.com\/online\/wp-content\/uploads\/2018\/12\/Le-Mus\u00e9e-des-Arts-Islamiques-vue-sur-les-\u00e9tages-C-GAD--825x550.jpg 825w, https:\/\/www.exclusifmag.com\/online\/wp-content\/uploads\/2018\/12\/Le-Mus\u00e9e-des-Arts-Islamiques-vue-sur-les-\u00e9tages-C-GAD-.jpg 900w\" sizes=\"auto, (max-width: 400px) 100vw, 400px\" \/><\/a><\/p>\n"},"caption":{"rendered":""},"alt_text":"Le Mus\u00e9e des Arts Islamiques vue sur les \u00e9tages (C) GAD","media_type":"image","mime_type":"image\/jpeg","media_details":{"width":900,"height":600,"file":"2018\/12\/Le-Mus\u00e9e-des-Arts-Islamiques-vue-sur-les-\u00e9tages-C-GAD-.jpg","sizes":{"thumbnail":{"file":"Le-Mus\u00e9e-des-Arts-Islamiques-vue-sur-les-\u00e9tages-C-GAD--250x250.jpg","width":"250","height":"250","mime_type":"image\/jpeg","source_url":"https:\/\/www.exclusifmag.com\/online\/wp-content\/uploads\/2018\/12\/Le-Mus\u00e9e-des-Arts-Islamiques-vue-sur-les-\u00e9tages-C-GAD--250x250.jpg"},"medium":{"file":"Le-Mus\u00e9e-des-Arts-Islamiques-vue-sur-les-\u00e9tages-C-GAD--400x267.jpg","width":"400","height":"267","mime_type":"image\/jpeg","source_url":"https:\/\/www.exclusifmag.com\/online\/wp-content\/uploads\/2018\/12\/Le-Mus\u00e9e-des-Arts-Islamiques-vue-sur-les-\u00e9tages-C-GAD--400x267.jpg"},"medium_large":{"file":"Le-Mus\u00e9e-des-Arts-Islamiques-vue-sur-les-\u00e9tages-C-GAD--768x512.jpg","width":"768","height":"512","mime_type":"image\/jpeg","source_url":"https:\/\/www.exclusifmag.com\/online\/wp-content\/uploads\/2018\/12\/Le-Mus\u00e9e-des-Arts-Islamiques-vue-sur-les-\u00e9tages-C-GAD--768x512.jpg"},"article1hori":{"file":"Le-Mus\u00e9e-des-Arts-Islamiques-vue-sur-les-\u00e9tages-C-GAD--900x500.jpg","width":"900","height":"500","mime_type":"image\/jpeg","source_url":"https:\/\/www.exclusifmag.com\/online\/wp-content\/uploads\/2018\/12\/Le-Mus\u00e9e-des-Arts-Islamiques-vue-sur-les-\u00e9tages-C-GAD--900x500.jpg"},"article4":{"file":"Le-Mus\u00e9e-des-Arts-Islamiques-vue-sur-les-\u00e9tages-C-GAD--400x400.jpg","width":"400","height":"400","mime_type":"image\/jpeg","source_url":"https:\/\/www.exclusifmag.com\/online\/wp-content\/uploads\/2018\/12\/Le-Mus\u00e9e-des-Arts-Islamiques-vue-sur-les-\u00e9tages-C-GAD--400x400.jpg"},"article2":{"file":"Le-Mus\u00e9e-des-Arts-Islamiques-vue-sur-les-\u00e9tages-C-GAD--800x400.jpg","width":"800","height":"400","mime_type":"image\/jpeg","source_url":"https:\/\/www.exclusifmag.com\/online\/wp-content\/uploads\/2018\/12\/Le-Mus\u00e9e-des-Arts-Islamiques-vue-sur-les-\u00e9tages-C-GAD--800x400.jpg"},"article1verti":{"file":"Le-Mus\u00e9e-des-Arts-Islamiques-vue-sur-les-\u00e9tages-C-GAD--400x600.jpg","width":"400","height":"600","mime_type":"image\/jpeg","source_url":"https:\/\/www.exclusifmag.com\/online\/wp-content\/uploads\/2018\/12\/Le-Mus\u00e9e-des-Arts-Islamiques-vue-sur-les-\u00e9tages-C-GAD--400x600.jpg"},"article":{"file":"Le-Mus\u00e9e-des-Arts-Islamiques-vue-sur-les-\u00e9tages-C-GAD--840x400.jpg","width":"840","height":"400","mime_type":"image\/jpeg","source_url":"https:\/\/www.exclusifmag.com\/online\/wp-content\/uploads\/2018\/12\/Le-Mus\u00e9e-des-Arts-Islamiques-vue-sur-les-\u00e9tages-C-GAD--840x400.jpg"},"article900":{"file":"Le-Mus\u00e9e-des-Arts-Islamiques-vue-sur-les-\u00e9tages-C-GAD--825x550.jpg","width":"825","height":"550","mime_type":"image\/jpeg","source_url":"https:\/\/www.exclusifmag.com\/online\/wp-content\/uploads\/2018\/12\/Le-Mus\u00e9e-des-Arts-Islamiques-vue-sur-les-\u00e9tages-C-GAD--825x550.jpg"},"magpapier":{"file":"Le-Mus\u00e9e-des-Arts-Islamiques-vue-sur-les-\u00e9tages-C-GAD--500x600.jpg","width":"500","height":"600","mime_type":"image\/jpeg","source_url":"https:\/\/www.exclusifmag.com\/online\/wp-content\/uploads\/2018\/12\/Le-Mus\u00e9e-des-Arts-Islamiques-vue-sur-les-\u00e9tages-C-GAD--500x600.jpg"},"full":{"file":"Le-Mus\u00e9e-des-Arts-Islamiques-vue-sur-les-\u00e9tages-C-GAD-.jpg","width":900,"height":600,"mime_type":"image\/jpeg","source_url":"https:\/\/www.exclusifmag.com\/online\/wp-content\/uploads\/2018\/12\/Le-Mus\u00e9e-des-Arts-Islamiques-vue-sur-les-\u00e9tages-C-GAD-.jpg"}},"image_meta":{"aperture":"3.5","credit":"","camera":"SAMSUNG PL150 \/ VLUU PL150 \/ SAMSUNG TL210 \/ SAMSUNG PL151","caption":"","created_timestamp":"1446041169","copyright":"COPYRIGHT, 2009","focal_length":"4.9","iso":"80","shutter_speed":"0.016666666666667","title":"","orientation":"1"}},"post":null,"source_url":"https:\/\/www.exclusifmag.com\/online\/wp-content\/uploads\/2018\/12\/Le-Mus\u00e9e-des-Arts-Islamiques-vue-sur-les-\u00e9tages-C-GAD-.jpg","_links":{"self":[{"href":"https:\/\/www.exclusifmag.com\/online\/wp-json\/wp\/v2\/media\/2087","targetHints":{"allow":["GET"]}}],"collection":[{"href":"https:\/\/www.exclusifmag.com\/online\/wp-json\/wp\/v2\/media"}],"about":[{"href":"https:\/\/www.exclusifmag.com\/online\/wp-json\/wp\/v2\/types\/attachment"}],"author":[{"embeddable":true,"href":"https:\/\/www.exclusifmag.com\/online\/wp-json\/wp\/v2\/users\/1"}],"replies":[{"embeddable":true,"href":"https:\/\/www.exclusifmag.com\/online\/wp-json\/wp\/v2\/comments?post=2087"}]}}

http://www.exclusifmag.com/online/wp-content/uploads/2018/12/Le-Musée-des-Arts-Islamiques-vue-sur-les-étages-C-GAD-.jpg

<p class="attachment"><a href='https://www.exclusifmag.com/online/wp-content/uploads/2018/12/Le-Musée-des-Arts-Islamiques-vue-sur-les-étages-C-GAD-.jpg'><img loading="lazy" decoding="async" width="400" height="267" src="https://www.exclusifmag.com/online/wp-content/uploads/2018/12/Le-Musée-des-Arts-Islamiques-vue-sur-les-étages-C-GAD--400x267.jpg" class="attachment-medium size-medium" alt="Le Musée des Arts Islamiques vue sur les étages (C) GAD" srcset="https://www.exclusifmag.com/online/wp-content/uploads/2018/12/Le-Musée-des-Arts-Islamiques-vue-sur-les-étages-C-GAD--400x267.jpg 400w, https://www.exclusifmag.com/online/wp-content/uploads/2018/12/Le-Musée-des-Arts-Islamiques-vue-sur-les-étages-C-GAD--768x512.jpg 768w, https://www.exclusifmag.com/online/wp-content/uploads/2018/12/Le-Musée-des-Arts-Islamiques-vue-sur-les-étages-C-GAD--825x550.jpg 825w, https://www.exclusifmag.com/online/wp-content/uploads/2018/12/Le-Musée-des-Arts-Islamiques-vue-sur-les-étages-C-GAD-.jpg 900w" sizes="auto, (max-width: 400px) 100vw, 400px" /></a></p>

Le Musée des Arts Islamiques vue sur les étages (C) GAD

2018/12/Le-Musée-des-Arts-Islamiques-vue-sur-les-étages-C-GAD-.jpg

Le-Musée-des-Arts-Islamiques-vue-sur-les-étages-C-GAD--250x250.jpg

https://www.exclusifmag.com/online/wp-content/uploads/2018/12/Le-Musée-des-Arts-Islamiques-vue-sur-les-étages-C-GAD--250x250.jpg

Le-Musée-des-Arts-Islamiques-vue-sur-les-étages-C-GAD--400x267.jpg

https://www.exclusifmag.com/online/wp-content/uploads/2018/12/Le-Musée-des-Arts-Islamiques-vue-sur-les-étages-C-GAD--400x267.jpg

Le-Musée-des-Arts-Islamiques-vue-sur-les-étages-C-GAD--768x512.jpg

https://www.exclusifmag.com/online/wp-content/uploads/2018/12/Le-Musée-des-Arts-Islamiques-vue-sur-les-étages-C-GAD--768x512.jpg

Le-Musée-des-Arts-Islamiques-vue-sur-les-étages-C-GAD--900x500.jpg

https://www.exclusifmag.com/online/wp-content/uploads/2018/12/Le-Musée-des-Arts-Islamiques-vue-sur-les-étages-C-GAD--900x500.jpg

Le-Musée-des-Arts-Islamiques-vue-sur-les-étages-C-GAD--400x400.jpg

https://www.exclusifmag.com/online/wp-content/uploads/2018/12/Le-Musée-des-Arts-Islamiques-vue-sur-les-étages-C-GAD--400x400.jpg

Le-Musée-des-Arts-Islamiques-vue-sur-les-étages-C-GAD--800x400.jpg

https://www.exclusifmag.com/online/wp-content/uploads/2018/12/Le-Musée-des-Arts-Islamiques-vue-sur-les-étages-C-GAD--800x400.jpg

Le-Musée-des-Arts-Islamiques-vue-sur-les-étages-C-GAD--400x600.jpg

https://www.exclusifmag.com/online/wp-content/uploads/2018/12/Le-Musée-des-Arts-Islamiques-vue-sur-les-étages-C-GAD--400x600.jpg

Le-Musée-des-Arts-Islamiques-vue-sur-les-étages-C-GAD--840x400.jpg

https://www.exclusifmag.com/online/wp-content/uploads/2018/12/Le-Musée-des-Arts-Islamiques-vue-sur-les-étages-C-GAD--840x400.jpg

Le-Musée-des-Arts-Islamiques-vue-sur-les-étages-C-GAD--825x550.jpg

https://www.exclusifmag.com/online/wp-content/uploads/2018/12/Le-Musée-des-Arts-Islamiques-vue-sur-les-étages-C-GAD--825x550.jpg

Le-Musée-des-Arts-Islamiques-vue-sur-les-étages-C-GAD--500x600.jpg

https://www.exclusifmag.com/online/wp-content/uploads/2018/12/Le-Musée-des-Arts-Islamiques-vue-sur-les-étages-C-GAD--500x600.jpg

Le-Musée-des-Arts-Islamiques-vue-sur-les-étages-C-GAD-.jpg

https://www.exclusifmag.com/online/wp-content/uploads/2018/12/Le-Musée-des-Arts-Islamiques-vue-sur-les-étages-C-GAD-.jpg
