{"id":2731,"date":"2019-01-30T11:16:08","date_gmt":"2019-01-30T10:16:08","guid":{"rendered":"http:\/\/www.exclusifmag.com\/online\/wp-content\/uploads\/2019\/01\/7-Ischgl-en-\u00e9t\u00e9-les-VTT-se-donnent-\u00e0-coeur-joie-.jpg"},"modified":"2019-01-30T11:16:08","modified_gmt":"2019-01-30T10:16:08","slug":"7-ischgl-en-ete-les-vtt-se-donnent-a-coeur-joie","status":"inherit","type":"attachment","link":"https:\/\/www.exclusifmag.com\/online\/7-ischgl-en-ete-les-vtt-se-donnent-a-coeur-joie\/","title":{"rendered":"7-Ischgl en \u00e9t\u00e9 les VTT se donnent \u00e0 coeur joie"},"author":1,"featured_media":0,"comment_status":"open","ping_status":"closed","template":"","meta":[],"class_list":["post-2731","attachment","type-attachment","status-inherit","hentry"],"description":{"rendered":"<p class=\"attachment\"><a href='https:\/\/www.exclusifmag.com\/online\/wp-content\/uploads\/2019\/01\/7-Ischgl-en-\u00e9t\u00e9-les-VTT-se-donnent-\u00e0-coeur-joie-.jpg'><img loading=\"lazy\" decoding=\"async\" width=\"400\" height=\"267\" src=\"https:\/\/www.exclusifmag.com\/online\/wp-content\/uploads\/2019\/01\/7-Ischgl-en-\u00e9t\u00e9-les-VTT-se-donnent-\u00e0-coeur-joie--400x267.jpg\" class=\"attachment-medium size-medium\" alt=\"\" srcset=\"https:\/\/www.exclusifmag.com\/online\/wp-content\/uploads\/2019\/01\/7-Ischgl-en-\u00e9t\u00e9-les-VTT-se-donnent-\u00e0-coeur-joie--400x267.jpg 400w, https:\/\/www.exclusifmag.com\/online\/wp-content\/uploads\/2019\/01\/7-Ischgl-en-\u00e9t\u00e9-les-VTT-se-donnent-\u00e0-coeur-joie--768x512.jpg 768w, https:\/\/www.exclusifmag.com\/online\/wp-content\/uploads\/2019\/01\/7-Ischgl-en-\u00e9t\u00e9-les-VTT-se-donnent-\u00e0-coeur-joie--825x550.jpg 825w, https:\/\/www.exclusifmag.com\/online\/wp-content\/uploads\/2019\/01\/7-Ischgl-en-\u00e9t\u00e9-les-VTT-se-donnent-\u00e0-coeur-joie-.jpg 900w\" sizes=\"auto, (max-width: 400px) 100vw, 400px\" \/><\/a><\/p>\n"},"caption":{"rendered":""},"alt_text":"","media_type":"image","mime_type":"image\/jpeg","media_details":{"width":900,"height":600,"file":"2019\/01\/7-Ischgl-en-\u00e9t\u00e9-les-VTT-se-donnent-\u00e0-coeur-joie-.jpg","sizes":{"thumbnail":{"file":"7-Ischgl-en-\u00e9t\u00e9-les-VTT-se-donnent-\u00e0-coeur-joie--250x250.jpg","width":"250","height":"250","mime_type":"image\/jpeg","source_url":"https:\/\/www.exclusifmag.com\/online\/wp-content\/uploads\/2019\/01\/7-Ischgl-en-\u00e9t\u00e9-les-VTT-se-donnent-\u00e0-coeur-joie--250x250.jpg"},"medium":{"file":"7-Ischgl-en-\u00e9t\u00e9-les-VTT-se-donnent-\u00e0-coeur-joie--400x267.jpg","width":"400","height":"267","mime_type":"image\/jpeg","source_url":"https:\/\/www.exclusifmag.com\/online\/wp-content\/uploads\/2019\/01\/7-Ischgl-en-\u00e9t\u00e9-les-VTT-se-donnent-\u00e0-coeur-joie--400x267.jpg"},"medium_large":{"file":"7-Ischgl-en-\u00e9t\u00e9-les-VTT-se-donnent-\u00e0-coeur-joie--768x512.jpg","width":"768","height":"512","mime_type":"image\/jpeg","source_url":"https:\/\/www.exclusifmag.com\/online\/wp-content\/uploads\/2019\/01\/7-Ischgl-en-\u00e9t\u00e9-les-VTT-se-donnent-\u00e0-coeur-joie--768x512.jpg"},"article1hori":{"file":"7-Ischgl-en-\u00e9t\u00e9-les-VTT-se-donnent-\u00e0-coeur-joie--900x500.jpg","width":"900","height":"500","mime_type":"image\/jpeg","source_url":"https:\/\/www.exclusifmag.com\/online\/wp-content\/uploads\/2019\/01\/7-Ischgl-en-\u00e9t\u00e9-les-VTT-se-donnent-\u00e0-coeur-joie--900x500.jpg"},"article4":{"file":"7-Ischgl-en-\u00e9t\u00e9-les-VTT-se-donnent-\u00e0-coeur-joie--400x400.jpg","width":"400","height":"400","mime_type":"image\/jpeg","source_url":"https:\/\/www.exclusifmag.com\/online\/wp-content\/uploads\/2019\/01\/7-Ischgl-en-\u00e9t\u00e9-les-VTT-se-donnent-\u00e0-coeur-joie--400x400.jpg"},"article2":{"file":"7-Ischgl-en-\u00e9t\u00e9-les-VTT-se-donnent-\u00e0-coeur-joie--800x400.jpg","width":"800","height":"400","mime_type":"image\/jpeg","source_url":"https:\/\/www.exclusifmag.com\/online\/wp-content\/uploads\/2019\/01\/7-Ischgl-en-\u00e9t\u00e9-les-VTT-se-donnent-\u00e0-coeur-joie--800x400.jpg"},"article1verti":{"file":"7-Ischgl-en-\u00e9t\u00e9-les-VTT-se-donnent-\u00e0-coeur-joie--400x600.jpg","width":"400","height":"600","mime_type":"image\/jpeg","source_url":"https:\/\/www.exclusifmag.com\/online\/wp-content\/uploads\/2019\/01\/7-Ischgl-en-\u00e9t\u00e9-les-VTT-se-donnent-\u00e0-coeur-joie--400x600.jpg"},"article":{"file":"7-Ischgl-en-\u00e9t\u00e9-les-VTT-se-donnent-\u00e0-coeur-joie--840x400.jpg","width":"840","height":"400","mime_type":"image\/jpeg","source_url":"https:\/\/www.exclusifmag.com\/online\/wp-content\/uploads\/2019\/01\/7-Ischgl-en-\u00e9t\u00e9-les-VTT-se-donnent-\u00e0-coeur-joie--840x400.jpg"},"article900":{"file":"7-Ischgl-en-\u00e9t\u00e9-les-VTT-se-donnent-\u00e0-coeur-joie--825x550.jpg","width":"825","height":"550","mime_type":"image\/jpeg","source_url":"https:\/\/www.exclusifmag.com\/online\/wp-content\/uploads\/2019\/01\/7-Ischgl-en-\u00e9t\u00e9-les-VTT-se-donnent-\u00e0-coeur-joie--825x550.jpg"},"magpapier":{"file":"7-Ischgl-en-\u00e9t\u00e9-les-VTT-se-donnent-\u00e0-coeur-joie--500x600.jpg","width":"500","height":"600","mime_type":"image\/jpeg","source_url":"https:\/\/www.exclusifmag.com\/online\/wp-content\/uploads\/2019\/01\/7-Ischgl-en-\u00e9t\u00e9-les-VTT-se-donnent-\u00e0-coeur-joie--500x600.jpg"},"full":{"file":"7-Ischgl-en-\u00e9t\u00e9-les-VTT-se-donnent-\u00e0-coeur-joie-.jpg","width":900,"height":600,"mime_type":"image\/jpeg","source_url":"https:\/\/www.exclusifmag.com\/online\/wp-content\/uploads\/2019\/01\/7-Ischgl-en-\u00e9t\u00e9-les-VTT-se-donnent-\u00e0-coeur-joie-.jpg"}},"image_meta":{"aperture":"5.6","credit":"David Schulthei\u00df","camera":"Canon EOS 5D Mark III","caption":"","created_timestamp":"1410765440","copyright":"","focal_length":"15","iso":"640","shutter_speed":"0.000625","title":"","orientation":"1"}},"post":null,"source_url":"https:\/\/www.exclusifmag.com\/online\/wp-content\/uploads\/2019\/01\/7-Ischgl-en-\u00e9t\u00e9-les-VTT-se-donnent-\u00e0-coeur-joie-.jpg","_links":{"self":[{"href":"https:\/\/www.exclusifmag.com\/online\/wp-json\/wp\/v2\/media\/2731","targetHints":{"allow":["GET"]}}],"collection":[{"href":"https:\/\/www.exclusifmag.com\/online\/wp-json\/wp\/v2\/media"}],"about":[{"href":"https:\/\/www.exclusifmag.com\/online\/wp-json\/wp\/v2\/types\/attachment"}],"author":[{"embeddable":true,"href":"https:\/\/www.exclusifmag.com\/online\/wp-json\/wp\/v2\/users\/1"}],"replies":[{"embeddable":true,"href":"https:\/\/www.exclusifmag.com\/online\/wp-json\/wp\/v2\/comments?post=2731"}]}}

http://www.exclusifmag.com/online/wp-content/uploads/2019/01/7-Ischgl-en-été-les-VTT-se-donnent-à-coeur-joie-.jpg

7-Ischgl en été les VTT se donnent à coeur joie

<p class="attachment"><a href='https://www.exclusifmag.com/online/wp-content/uploads/2019/01/7-Ischgl-en-été-les-VTT-se-donnent-à-coeur-joie-.jpg'><img loading="lazy" decoding="async" width="400" height="267" src="https://www.exclusifmag.com/online/wp-content/uploads/2019/01/7-Ischgl-en-été-les-VTT-se-donnent-à-coeur-joie--400x267.jpg" class="attachment-medium size-medium" alt="" srcset="https://www.exclusifmag.com/online/wp-content/uploads/2019/01/7-Ischgl-en-été-les-VTT-se-donnent-à-coeur-joie--400x267.jpg 400w, https://www.exclusifmag.com/online/wp-content/uploads/2019/01/7-Ischgl-en-été-les-VTT-se-donnent-à-coeur-joie--768x512.jpg 768w, https://www.exclusifmag.com/online/wp-content/uploads/2019/01/7-Ischgl-en-été-les-VTT-se-donnent-à-coeur-joie--825x550.jpg 825w, https://www.exclusifmag.com/online/wp-content/uploads/2019/01/7-Ischgl-en-été-les-VTT-se-donnent-à-coeur-joie-.jpg 900w" sizes="auto, (max-width: 400px) 100vw, 400px" /></a></p>

2019/01/7-Ischgl-en-été-les-VTT-se-donnent-à-coeur-joie-.jpg

7-Ischgl-en-été-les-VTT-se-donnent-à-coeur-joie--250x250.jpg

https://www.exclusifmag.com/online/wp-content/uploads/2019/01/7-Ischgl-en-été-les-VTT-se-donnent-à-coeur-joie--250x250.jpg

7-Ischgl-en-été-les-VTT-se-donnent-à-coeur-joie--400x267.jpg

https://www.exclusifmag.com/online/wp-content/uploads/2019/01/7-Ischgl-en-été-les-VTT-se-donnent-à-coeur-joie--400x267.jpg

7-Ischgl-en-été-les-VTT-se-donnent-à-coeur-joie--768x512.jpg

https://www.exclusifmag.com/online/wp-content/uploads/2019/01/7-Ischgl-en-été-les-VTT-se-donnent-à-coeur-joie--768x512.jpg

7-Ischgl-en-été-les-VTT-se-donnent-à-coeur-joie--900x500.jpg

https://www.exclusifmag.com/online/wp-content/uploads/2019/01/7-Ischgl-en-été-les-VTT-se-donnent-à-coeur-joie--900x500.jpg

7-Ischgl-en-été-les-VTT-se-donnent-à-coeur-joie--400x400.jpg

https://www.exclusifmag.com/online/wp-content/uploads/2019/01/7-Ischgl-en-été-les-VTT-se-donnent-à-coeur-joie--400x400.jpg

7-Ischgl-en-été-les-VTT-se-donnent-à-coeur-joie--800x400.jpg

https://www.exclusifmag.com/online/wp-content/uploads/2019/01/7-Ischgl-en-été-les-VTT-se-donnent-à-coeur-joie--800x400.jpg

7-Ischgl-en-été-les-VTT-se-donnent-à-coeur-joie--400x600.jpg

https://www.exclusifmag.com/online/wp-content/uploads/2019/01/7-Ischgl-en-été-les-VTT-se-donnent-à-coeur-joie--400x600.jpg

7-Ischgl-en-été-les-VTT-se-donnent-à-coeur-joie--840x400.jpg

https://www.exclusifmag.com/online/wp-content/uploads/2019/01/7-Ischgl-en-été-les-VTT-se-donnent-à-coeur-joie--840x400.jpg

7-Ischgl-en-été-les-VTT-se-donnent-à-coeur-joie--825x550.jpg

https://www.exclusifmag.com/online/wp-content/uploads/2019/01/7-Ischgl-en-été-les-VTT-se-donnent-à-coeur-joie--825x550.jpg

7-Ischgl-en-été-les-VTT-se-donnent-à-coeur-joie--500x600.jpg

https://www.exclusifmag.com/online/wp-content/uploads/2019/01/7-Ischgl-en-été-les-VTT-se-donnent-à-coeur-joie--500x600.jpg

7-Ischgl-en-été-les-VTT-se-donnent-à-coeur-joie-.jpg

https://www.exclusifmag.com/online/wp-content/uploads/2019/01/7-Ischgl-en-été-les-VTT-se-donnent-à-coeur-joie-.jpg

David Schultheiß
