{"id":2745,"date":"2019-01-30T11:17:32","date_gmt":"2019-01-30T10:17:32","guid":{"rendered":"http:\/\/www.exclusifmag.com\/online\/wp-content\/uploads\/2019\/01\/6-Ischgl-la-nuit-on-sappr\u00eate-\u00e0-rejoindre-la-piste-de-luge-sur-les-sommets-.jpg"},"modified":"2019-01-30T11:17:32","modified_gmt":"2019-01-30T10:17:32","slug":"6-ischgl-la-nuit-on-sapprete-a-rejoindre-la-piste-de-luge-sur-les-sommets","status":"inherit","type":"attachment","link":"https:\/\/www.exclusifmag.com\/online\/6-ischgl-la-nuit-on-sapprete-a-rejoindre-la-piste-de-luge-sur-les-sommets\/","title":{"rendered":"6- Ischgl la nuit on s&rsquo;appr\u00eate \u00e0 rejoindre la piste de luge sur les sommets"},"author":1,"featured_media":0,"comment_status":"open","ping_status":"closed","template":"","meta":[],"class_list":["post-2745","attachment","type-attachment","status-inherit","hentry"],"description":{"rendered":"<p class=\"attachment\"><a href='https:\/\/www.exclusifmag.com\/online\/wp-content\/uploads\/2019\/01\/6-Ischgl-la-nuit-on-sappr\u00eate-\u00e0-rejoindre-la-piste-de-luge-sur-les-sommets-.jpg'><img loading=\"lazy\" decoding=\"async\" width=\"400\" height=\"267\" src=\"https:\/\/www.exclusifmag.com\/online\/wp-content\/uploads\/2019\/01\/6-Ischgl-la-nuit-on-sappr\u00eate-\u00e0-rejoindre-la-piste-de-luge-sur-les-sommets--400x267.jpg\" class=\"attachment-medium size-medium\" alt=\"\" srcset=\"https:\/\/www.exclusifmag.com\/online\/wp-content\/uploads\/2019\/01\/6-Ischgl-la-nuit-on-sappr\u00eate-\u00e0-rejoindre-la-piste-de-luge-sur-les-sommets--400x267.jpg 400w, https:\/\/www.exclusifmag.com\/online\/wp-content\/uploads\/2019\/01\/6-Ischgl-la-nuit-on-sappr\u00eate-\u00e0-rejoindre-la-piste-de-luge-sur-les-sommets--768x512.jpg 768w, https:\/\/www.exclusifmag.com\/online\/wp-content\/uploads\/2019\/01\/6-Ischgl-la-nuit-on-sappr\u00eate-\u00e0-rejoindre-la-piste-de-luge-sur-les-sommets--825x550.jpg 825w, https:\/\/www.exclusifmag.com\/online\/wp-content\/uploads\/2019\/01\/6-Ischgl-la-nuit-on-sappr\u00eate-\u00e0-rejoindre-la-piste-de-luge-sur-les-sommets-.jpg 900w\" sizes=\"auto, (max-width: 400px) 100vw, 400px\" \/><\/a><\/p>\n"},"caption":{"rendered":""},"alt_text":"","media_type":"image","mime_type":"image\/jpeg","media_details":{"width":900,"height":600,"file":"2019\/01\/6-Ischgl-la-nuit-on-sappr\u00eate-\u00e0-rejoindre-la-piste-de-luge-sur-les-sommets-.jpg","sizes":{"thumbnail":{"file":"6-Ischgl-la-nuit-on-sappr\u00eate-\u00e0-rejoindre-la-piste-de-luge-sur-les-sommets--250x250.jpg","width":"250","height":"250","mime_type":"image\/jpeg","source_url":"https:\/\/www.exclusifmag.com\/online\/wp-content\/uploads\/2019\/01\/6-Ischgl-la-nuit-on-sappr\u00eate-\u00e0-rejoindre-la-piste-de-luge-sur-les-sommets--250x250.jpg"},"medium":{"file":"6-Ischgl-la-nuit-on-sappr\u00eate-\u00e0-rejoindre-la-piste-de-luge-sur-les-sommets--400x267.jpg","width":"400","height":"267","mime_type":"image\/jpeg","source_url":"https:\/\/www.exclusifmag.com\/online\/wp-content\/uploads\/2019\/01\/6-Ischgl-la-nuit-on-sappr\u00eate-\u00e0-rejoindre-la-piste-de-luge-sur-les-sommets--400x267.jpg"},"medium_large":{"file":"6-Ischgl-la-nuit-on-sappr\u00eate-\u00e0-rejoindre-la-piste-de-luge-sur-les-sommets--768x512.jpg","width":"768","height":"512","mime_type":"image\/jpeg","source_url":"https:\/\/www.exclusifmag.com\/online\/wp-content\/uploads\/2019\/01\/6-Ischgl-la-nuit-on-sappr\u00eate-\u00e0-rejoindre-la-piste-de-luge-sur-les-sommets--768x512.jpg"},"article1hori":{"file":"6-Ischgl-la-nuit-on-sappr\u00eate-\u00e0-rejoindre-la-piste-de-luge-sur-les-sommets--900x500.jpg","width":"900","height":"500","mime_type":"image\/jpeg","source_url":"https:\/\/www.exclusifmag.com\/online\/wp-content\/uploads\/2019\/01\/6-Ischgl-la-nuit-on-sappr\u00eate-\u00e0-rejoindre-la-piste-de-luge-sur-les-sommets--900x500.jpg"},"article4":{"file":"6-Ischgl-la-nuit-on-sappr\u00eate-\u00e0-rejoindre-la-piste-de-luge-sur-les-sommets--400x400.jpg","width":"400","height":"400","mime_type":"image\/jpeg","source_url":"https:\/\/www.exclusifmag.com\/online\/wp-content\/uploads\/2019\/01\/6-Ischgl-la-nuit-on-sappr\u00eate-\u00e0-rejoindre-la-piste-de-luge-sur-les-sommets--400x400.jpg"},"article2":{"file":"6-Ischgl-la-nuit-on-sappr\u00eate-\u00e0-rejoindre-la-piste-de-luge-sur-les-sommets--800x400.jpg","width":"800","height":"400","mime_type":"image\/jpeg","source_url":"https:\/\/www.exclusifmag.com\/online\/wp-content\/uploads\/2019\/01\/6-Ischgl-la-nuit-on-sappr\u00eate-\u00e0-rejoindre-la-piste-de-luge-sur-les-sommets--800x400.jpg"},"article1verti":{"file":"6-Ischgl-la-nuit-on-sappr\u00eate-\u00e0-rejoindre-la-piste-de-luge-sur-les-sommets--400x600.jpg","width":"400","height":"600","mime_type":"image\/jpeg","source_url":"https:\/\/www.exclusifmag.com\/online\/wp-content\/uploads\/2019\/01\/6-Ischgl-la-nuit-on-sappr\u00eate-\u00e0-rejoindre-la-piste-de-luge-sur-les-sommets--400x600.jpg"},"article":{"file":"6-Ischgl-la-nuit-on-sappr\u00eate-\u00e0-rejoindre-la-piste-de-luge-sur-les-sommets--840x400.jpg","width":"840","height":"400","mime_type":"image\/jpeg","source_url":"https:\/\/www.exclusifmag.com\/online\/wp-content\/uploads\/2019\/01\/6-Ischgl-la-nuit-on-sappr\u00eate-\u00e0-rejoindre-la-piste-de-luge-sur-les-sommets--840x400.jpg"},"article900":{"file":"6-Ischgl-la-nuit-on-sappr\u00eate-\u00e0-rejoindre-la-piste-de-luge-sur-les-sommets--825x550.jpg","width":"825","height":"550","mime_type":"image\/jpeg","source_url":"https:\/\/www.exclusifmag.com\/online\/wp-content\/uploads\/2019\/01\/6-Ischgl-la-nuit-on-sappr\u00eate-\u00e0-rejoindre-la-piste-de-luge-sur-les-sommets--825x550.jpg"},"magpapier":{"file":"6-Ischgl-la-nuit-on-sappr\u00eate-\u00e0-rejoindre-la-piste-de-luge-sur-les-sommets--500x600.jpg","width":"500","height":"600","mime_type":"image\/jpeg","source_url":"https:\/\/www.exclusifmag.com\/online\/wp-content\/uploads\/2019\/01\/6-Ischgl-la-nuit-on-sappr\u00eate-\u00e0-rejoindre-la-piste-de-luge-sur-les-sommets--500x600.jpg"},"full":{"file":"6-Ischgl-la-nuit-on-sappr\u00eate-\u00e0-rejoindre-la-piste-de-luge-sur-les-sommets-.jpg","width":900,"height":600,"mime_type":"image\/jpeg","source_url":"https:\/\/www.exclusifmag.com\/online\/wp-content\/uploads\/2019\/01\/6-Ischgl-la-nuit-on-sappr\u00eate-\u00e0-rejoindre-la-piste-de-luge-sur-les-sommets-.jpg"}},"image_meta":{"aperture":"2.8","credit":"","camera":"NIKON D2X","caption":"","created_timestamp":"1135096414","copyright":"","focal_length":"55","iso":"100","shutter_speed":"1.6","title":"","orientation":"1"}},"post":null,"source_url":"https:\/\/www.exclusifmag.com\/online\/wp-content\/uploads\/2019\/01\/6-Ischgl-la-nuit-on-sappr\u00eate-\u00e0-rejoindre-la-piste-de-luge-sur-les-sommets-.jpg","_links":{"self":[{"href":"https:\/\/www.exclusifmag.com\/online\/wp-json\/wp\/v2\/media\/2745","targetHints":{"allow":["GET"]}}],"collection":[{"href":"https:\/\/www.exclusifmag.com\/online\/wp-json\/wp\/v2\/media"}],"about":[{"href":"https:\/\/www.exclusifmag.com\/online\/wp-json\/wp\/v2\/types\/attachment"}],"author":[{"embeddable":true,"href":"https:\/\/www.exclusifmag.com\/online\/wp-json\/wp\/v2\/users\/1"}],"replies":[{"embeddable":true,"href":"https:\/\/www.exclusifmag.com\/online\/wp-json\/wp\/v2\/comments?post=2745"}]}}

http://www.exclusifmag.com/online/wp-content/uploads/2019/01/6-Ischgl-la-nuit-on-sapprête-à-rejoindre-la-piste-de-luge-sur-les-sommets-.jpg

6- Ischgl la nuit on s&rsquo;apprête à rejoindre la piste de luge sur les sommets

<p class="attachment"><a href='https://www.exclusifmag.com/online/wp-content/uploads/2019/01/6-Ischgl-la-nuit-on-sapprête-à-rejoindre-la-piste-de-luge-sur-les-sommets-.jpg'><img loading="lazy" decoding="async" width="400" height="267" src="https://www.exclusifmag.com/online/wp-content/uploads/2019/01/6-Ischgl-la-nuit-on-sapprête-à-rejoindre-la-piste-de-luge-sur-les-sommets--400x267.jpg" class="attachment-medium size-medium" alt="" srcset="https://www.exclusifmag.com/online/wp-content/uploads/2019/01/6-Ischgl-la-nuit-on-sapprête-à-rejoindre-la-piste-de-luge-sur-les-sommets--400x267.jpg 400w, https://www.exclusifmag.com/online/wp-content/uploads/2019/01/6-Ischgl-la-nuit-on-sapprête-à-rejoindre-la-piste-de-luge-sur-les-sommets--768x512.jpg 768w, https://www.exclusifmag.com/online/wp-content/uploads/2019/01/6-Ischgl-la-nuit-on-sapprête-à-rejoindre-la-piste-de-luge-sur-les-sommets--825x550.jpg 825w, https://www.exclusifmag.com/online/wp-content/uploads/2019/01/6-Ischgl-la-nuit-on-sapprête-à-rejoindre-la-piste-de-luge-sur-les-sommets-.jpg 900w" sizes="auto, (max-width: 400px) 100vw, 400px" /></a></p>

2019/01/6-Ischgl-la-nuit-on-sapprête-à-rejoindre-la-piste-de-luge-sur-les-sommets-.jpg

6-Ischgl-la-nuit-on-sapprête-à-rejoindre-la-piste-de-luge-sur-les-sommets--250x250.jpg

https://www.exclusifmag.com/online/wp-content/uploads/2019/01/6-Ischgl-la-nuit-on-sapprête-à-rejoindre-la-piste-de-luge-sur-les-sommets--250x250.jpg

6-Ischgl-la-nuit-on-sapprête-à-rejoindre-la-piste-de-luge-sur-les-sommets--400x267.jpg

https://www.exclusifmag.com/online/wp-content/uploads/2019/01/6-Ischgl-la-nuit-on-sapprête-à-rejoindre-la-piste-de-luge-sur-les-sommets--400x267.jpg

6-Ischgl-la-nuit-on-sapprête-à-rejoindre-la-piste-de-luge-sur-les-sommets--768x512.jpg

https://www.exclusifmag.com/online/wp-content/uploads/2019/01/6-Ischgl-la-nuit-on-sapprête-à-rejoindre-la-piste-de-luge-sur-les-sommets--768x512.jpg

6-Ischgl-la-nuit-on-sapprête-à-rejoindre-la-piste-de-luge-sur-les-sommets--900x500.jpg

https://www.exclusifmag.com/online/wp-content/uploads/2019/01/6-Ischgl-la-nuit-on-sapprête-à-rejoindre-la-piste-de-luge-sur-les-sommets--900x500.jpg

6-Ischgl-la-nuit-on-sapprête-à-rejoindre-la-piste-de-luge-sur-les-sommets--400x400.jpg

https://www.exclusifmag.com/online/wp-content/uploads/2019/01/6-Ischgl-la-nuit-on-sapprête-à-rejoindre-la-piste-de-luge-sur-les-sommets--400x400.jpg

6-Ischgl-la-nuit-on-sapprête-à-rejoindre-la-piste-de-luge-sur-les-sommets--800x400.jpg

https://www.exclusifmag.com/online/wp-content/uploads/2019/01/6-Ischgl-la-nuit-on-sapprête-à-rejoindre-la-piste-de-luge-sur-les-sommets--800x400.jpg

6-Ischgl-la-nuit-on-sapprête-à-rejoindre-la-piste-de-luge-sur-les-sommets--400x600.jpg

https://www.exclusifmag.com/online/wp-content/uploads/2019/01/6-Ischgl-la-nuit-on-sapprête-à-rejoindre-la-piste-de-luge-sur-les-sommets--400x600.jpg

6-Ischgl-la-nuit-on-sapprête-à-rejoindre-la-piste-de-luge-sur-les-sommets--840x400.jpg

https://www.exclusifmag.com/online/wp-content/uploads/2019/01/6-Ischgl-la-nuit-on-sapprête-à-rejoindre-la-piste-de-luge-sur-les-sommets--840x400.jpg

6-Ischgl-la-nuit-on-sapprête-à-rejoindre-la-piste-de-luge-sur-les-sommets--825x550.jpg

https://www.exclusifmag.com/online/wp-content/uploads/2019/01/6-Ischgl-la-nuit-on-sapprête-à-rejoindre-la-piste-de-luge-sur-les-sommets--825x550.jpg

6-Ischgl-la-nuit-on-sapprête-à-rejoindre-la-piste-de-luge-sur-les-sommets--500x600.jpg

https://www.exclusifmag.com/online/wp-content/uploads/2019/01/6-Ischgl-la-nuit-on-sapprête-à-rejoindre-la-piste-de-luge-sur-les-sommets--500x600.jpg

6-Ischgl-la-nuit-on-sapprête-à-rejoindre-la-piste-de-luge-sur-les-sommets-.jpg

https://www.exclusifmag.com/online/wp-content/uploads/2019/01/6-Ischgl-la-nuit-on-sapprête-à-rejoindre-la-piste-de-luge-sur-les-sommets-.jpg
