{"id":2749,"date":"2019-01-30T11:17:42","date_gmt":"2019-01-30T10:17:42","guid":{"rendered":"http:\/\/www.exclusifmag.com\/online\/wp-content\/uploads\/2019\/01\/10-Ischgl-la-f\u00eate-commence-sur-les-pistes-et-se-poursuit-dans-les-\u00e9tablissements-du-village-C-Dominic-Steuer-.jpg"},"modified":"2019-01-30T11:17:42","modified_gmt":"2019-01-30T10:17:42","slug":"10-ischgl-la-fete-commence-sur-les-pistes-et-se-poursuit-dans-les-etablissements-du-village-c-dominic-steuer","status":"inherit","type":"attachment","link":"https:\/\/www.exclusifmag.com\/online\/10-ischgl-la-fete-commence-sur-les-pistes-et-se-poursuit-dans-les-etablissements-du-village-c-dominic-steuer\/","title":{"rendered":"10- Ischgl la f\u00eate commence sur les pistes et se poursuit dans les \u00e9tablissements du village (C) Dominic Steuer"},"author":1,"featured_media":0,"comment_status":"open","ping_status":"closed","template":"","meta":[],"class_list":["post-2749","attachment","type-attachment","status-inherit","hentry"],"description":{"rendered":"<p class=\"attachment\"><a href='https:\/\/www.exclusifmag.com\/online\/wp-content\/uploads\/2019\/01\/10-Ischgl-la-f\u00eate-commence-sur-les-pistes-et-se-poursuit-dans-les-\u00e9tablissements-du-village-C-Dominic-Steuer-.jpg'><img loading=\"lazy\" decoding=\"async\" width=\"400\" height=\"267\" src=\"https:\/\/www.exclusifmag.com\/online\/wp-content\/uploads\/2019\/01\/10-Ischgl-la-f\u00eate-commence-sur-les-pistes-et-se-poursuit-dans-les-\u00e9tablissements-du-village-C-Dominic-Steuer--400x267.jpg\" class=\"attachment-medium size-medium\" alt=\"\" srcset=\"https:\/\/www.exclusifmag.com\/online\/wp-content\/uploads\/2019\/01\/10-Ischgl-la-f\u00eate-commence-sur-les-pistes-et-se-poursuit-dans-les-\u00e9tablissements-du-village-C-Dominic-Steuer--400x267.jpg 400w, https:\/\/www.exclusifmag.com\/online\/wp-content\/uploads\/2019\/01\/10-Ischgl-la-f\u00eate-commence-sur-les-pistes-et-se-poursuit-dans-les-\u00e9tablissements-du-village-C-Dominic-Steuer--768x512.jpg 768w, https:\/\/www.exclusifmag.com\/online\/wp-content\/uploads\/2019\/01\/10-Ischgl-la-f\u00eate-commence-sur-les-pistes-et-se-poursuit-dans-les-\u00e9tablissements-du-village-C-Dominic-Steuer--825x550.jpg 825w, https:\/\/www.exclusifmag.com\/online\/wp-content\/uploads\/2019\/01\/10-Ischgl-la-f\u00eate-commence-sur-les-pistes-et-se-poursuit-dans-les-\u00e9tablissements-du-village-C-Dominic-Steuer-.jpg 900w\" sizes=\"auto, (max-width: 400px) 100vw, 400px\" \/><\/a><\/p>\n"},"caption":{"rendered":""},"alt_text":"","media_type":"image","mime_type":"image\/jpeg","media_details":{"width":900,"height":600,"file":"2019\/01\/10-Ischgl-la-f\u00eate-commence-sur-les-pistes-et-se-poursuit-dans-les-\u00e9tablissements-du-village-C-Dominic-Steuer-.jpg","sizes":{"thumbnail":{"file":"10-Ischgl-la-f\u00eate-commence-sur-les-pistes-et-se-poursuit-dans-les-\u00e9tablissements-du-village-C-Dominic-Steuer--250x250.jpg","width":"250","height":"250","mime_type":"image\/jpeg","source_url":"https:\/\/www.exclusifmag.com\/online\/wp-content\/uploads\/2019\/01\/10-Ischgl-la-f\u00eate-commence-sur-les-pistes-et-se-poursuit-dans-les-\u00e9tablissements-du-village-C-Dominic-Steuer--250x250.jpg"},"medium":{"file":"10-Ischgl-la-f\u00eate-commence-sur-les-pistes-et-se-poursuit-dans-les-\u00e9tablissements-du-village-C-Dominic-Steuer--400x267.jpg","width":"400","height":"267","mime_type":"image\/jpeg","source_url":"https:\/\/www.exclusifmag.com\/online\/wp-content\/uploads\/2019\/01\/10-Ischgl-la-f\u00eate-commence-sur-les-pistes-et-se-poursuit-dans-les-\u00e9tablissements-du-village-C-Dominic-Steuer--400x267.jpg"},"medium_large":{"file":"10-Ischgl-la-f\u00eate-commence-sur-les-pistes-et-se-poursuit-dans-les-\u00e9tablissements-du-village-C-Dominic-Steuer--768x512.jpg","width":"768","height":"512","mime_type":"image\/jpeg","source_url":"https:\/\/www.exclusifmag.com\/online\/wp-content\/uploads\/2019\/01\/10-Ischgl-la-f\u00eate-commence-sur-les-pistes-et-se-poursuit-dans-les-\u00e9tablissements-du-village-C-Dominic-Steuer--768x512.jpg"},"article1hori":{"file":"10-Ischgl-la-f\u00eate-commence-sur-les-pistes-et-se-poursuit-dans-les-\u00e9tablissements-du-village-C-Dominic-Steuer--900x500.jpg","width":"900","height":"500","mime_type":"image\/jpeg","source_url":"https:\/\/www.exclusifmag.com\/online\/wp-content\/uploads\/2019\/01\/10-Ischgl-la-f\u00eate-commence-sur-les-pistes-et-se-poursuit-dans-les-\u00e9tablissements-du-village-C-Dominic-Steuer--900x500.jpg"},"article4":{"file":"10-Ischgl-la-f\u00eate-commence-sur-les-pistes-et-se-poursuit-dans-les-\u00e9tablissements-du-village-C-Dominic-Steuer--400x400.jpg","width":"400","height":"400","mime_type":"image\/jpeg","source_url":"https:\/\/www.exclusifmag.com\/online\/wp-content\/uploads\/2019\/01\/10-Ischgl-la-f\u00eate-commence-sur-les-pistes-et-se-poursuit-dans-les-\u00e9tablissements-du-village-C-Dominic-Steuer--400x400.jpg"},"article2":{"file":"10-Ischgl-la-f\u00eate-commence-sur-les-pistes-et-se-poursuit-dans-les-\u00e9tablissements-du-village-C-Dominic-Steuer--800x400.jpg","width":"800","height":"400","mime_type":"image\/jpeg","source_url":"https:\/\/www.exclusifmag.com\/online\/wp-content\/uploads\/2019\/01\/10-Ischgl-la-f\u00eate-commence-sur-les-pistes-et-se-poursuit-dans-les-\u00e9tablissements-du-village-C-Dominic-Steuer--800x400.jpg"},"article1verti":{"file":"10-Ischgl-la-f\u00eate-commence-sur-les-pistes-et-se-poursuit-dans-les-\u00e9tablissements-du-village-C-Dominic-Steuer--400x600.jpg","width":"400","height":"600","mime_type":"image\/jpeg","source_url":"https:\/\/www.exclusifmag.com\/online\/wp-content\/uploads\/2019\/01\/10-Ischgl-la-f\u00eate-commence-sur-les-pistes-et-se-poursuit-dans-les-\u00e9tablissements-du-village-C-Dominic-Steuer--400x600.jpg"},"article":{"file":"10-Ischgl-la-f\u00eate-commence-sur-les-pistes-et-se-poursuit-dans-les-\u00e9tablissements-du-village-C-Dominic-Steuer--840x400.jpg","width":"840","height":"400","mime_type":"image\/jpeg","source_url":"https:\/\/www.exclusifmag.com\/online\/wp-content\/uploads\/2019\/01\/10-Ischgl-la-f\u00eate-commence-sur-les-pistes-et-se-poursuit-dans-les-\u00e9tablissements-du-village-C-Dominic-Steuer--840x400.jpg"},"article900":{"file":"10-Ischgl-la-f\u00eate-commence-sur-les-pistes-et-se-poursuit-dans-les-\u00e9tablissements-du-village-C-Dominic-Steuer--825x550.jpg","width":"825","height":"550","mime_type":"image\/jpeg","source_url":"https:\/\/www.exclusifmag.com\/online\/wp-content\/uploads\/2019\/01\/10-Ischgl-la-f\u00eate-commence-sur-les-pistes-et-se-poursuit-dans-les-\u00e9tablissements-du-village-C-Dominic-Steuer--825x550.jpg"},"magpapier":{"file":"10-Ischgl-la-f\u00eate-commence-sur-les-pistes-et-se-poursuit-dans-les-\u00e9tablissements-du-village-C-Dominic-Steuer--500x600.jpg","width":"500","height":"600","mime_type":"image\/jpeg","source_url":"https:\/\/www.exclusifmag.com\/online\/wp-content\/uploads\/2019\/01\/10-Ischgl-la-f\u00eate-commence-sur-les-pistes-et-se-poursuit-dans-les-\u00e9tablissements-du-village-C-Dominic-Steuer--500x600.jpg"},"full":{"file":"10-Ischgl-la-f\u00eate-commence-sur-les-pistes-et-se-poursuit-dans-les-\u00e9tablissements-du-village-C-Dominic-Steuer-.jpg","width":900,"height":600,"mime_type":"image\/jpeg","source_url":"https:\/\/www.exclusifmag.com\/online\/wp-content\/uploads\/2019\/01\/10-Ischgl-la-f\u00eate-commence-sur-les-pistes-et-se-poursuit-dans-les-\u00e9tablissements-du-village-C-Dominic-Steuer-.jpg"}},"image_meta":{"aperture":"4","credit":"Dominic Steuer","camera":"Canon EOS 6D","caption":"","created_timestamp":"1417310672","copyright":"(c) Dominic Steuer \rwww.facebook.com\/NicosArtandPhoto","focal_length":"24","iso":"1600","shutter_speed":"0.1","title":"","orientation":"1"}},"post":null,"source_url":"https:\/\/www.exclusifmag.com\/online\/wp-content\/uploads\/2019\/01\/10-Ischgl-la-f\u00eate-commence-sur-les-pistes-et-se-poursuit-dans-les-\u00e9tablissements-du-village-C-Dominic-Steuer-.jpg","_links":{"self":[{"href":"https:\/\/www.exclusifmag.com\/online\/wp-json\/wp\/v2\/media\/2749","targetHints":{"allow":["GET"]}}],"collection":[{"href":"https:\/\/www.exclusifmag.com\/online\/wp-json\/wp\/v2\/media"}],"about":[{"href":"https:\/\/www.exclusifmag.com\/online\/wp-json\/wp\/v2\/types\/attachment"}],"author":[{"embeddable":true,"href":"https:\/\/www.exclusifmag.com\/online\/wp-json\/wp\/v2\/users\/1"}],"replies":[{"embeddable":true,"href":"https:\/\/www.exclusifmag.com\/online\/wp-json\/wp\/v2\/comments?post=2749"}]}}

http://www.exclusifmag.com/online/wp-content/uploads/2019/01/10-Ischgl-la-fête-commence-sur-les-pistes-et-se-poursuit-dans-les-établissements-du-village-C-Dominic-Steuer-.jpg

10- Ischgl la fête commence sur les pistes et se poursuit dans les établissements du village (C) Dominic Steuer

<p class="attachment"><a href='https://www.exclusifmag.com/online/wp-content/uploads/2019/01/10-Ischgl-la-fête-commence-sur-les-pistes-et-se-poursuit-dans-les-établissements-du-village-C-Dominic-Steuer-.jpg'><img loading="lazy" decoding="async" width="400" height="267" src="https://www.exclusifmag.com/online/wp-content/uploads/2019/01/10-Ischgl-la-fête-commence-sur-les-pistes-et-se-poursuit-dans-les-établissements-du-village-C-Dominic-Steuer--400x267.jpg" class="attachment-medium size-medium" alt="" srcset="https://www.exclusifmag.com/online/wp-content/uploads/2019/01/10-Ischgl-la-fête-commence-sur-les-pistes-et-se-poursuit-dans-les-établissements-du-village-C-Dominic-Steuer--400x267.jpg 400w, https://www.exclusifmag.com/online/wp-content/uploads/2019/01/10-Ischgl-la-fête-commence-sur-les-pistes-et-se-poursuit-dans-les-établissements-du-village-C-Dominic-Steuer--768x512.jpg 768w, https://www.exclusifmag.com/online/wp-content/uploads/2019/01/10-Ischgl-la-fête-commence-sur-les-pistes-et-se-poursuit-dans-les-établissements-du-village-C-Dominic-Steuer--825x550.jpg 825w, https://www.exclusifmag.com/online/wp-content/uploads/2019/01/10-Ischgl-la-fête-commence-sur-les-pistes-et-se-poursuit-dans-les-établissements-du-village-C-Dominic-Steuer-.jpg 900w" sizes="auto, (max-width: 400px) 100vw, 400px" /></a></p>

2019/01/10-Ischgl-la-fête-commence-sur-les-pistes-et-se-poursuit-dans-les-établissements-du-village-C-Dominic-Steuer-.jpg

10-Ischgl-la-fête-commence-sur-les-pistes-et-se-poursuit-dans-les-établissements-du-village-C-Dominic-Steuer--250x250.jpg

https://www.exclusifmag.com/online/wp-content/uploads/2019/01/10-Ischgl-la-fête-commence-sur-les-pistes-et-se-poursuit-dans-les-établissements-du-village-C-Dominic-Steuer--250x250.jpg

10-Ischgl-la-fête-commence-sur-les-pistes-et-se-poursuit-dans-les-établissements-du-village-C-Dominic-Steuer--400x267.jpg

https://www.exclusifmag.com/online/wp-content/uploads/2019/01/10-Ischgl-la-fête-commence-sur-les-pistes-et-se-poursuit-dans-les-établissements-du-village-C-Dominic-Steuer--400x267.jpg

10-Ischgl-la-fête-commence-sur-les-pistes-et-se-poursuit-dans-les-établissements-du-village-C-Dominic-Steuer--768x512.jpg

https://www.exclusifmag.com/online/wp-content/uploads/2019/01/10-Ischgl-la-fête-commence-sur-les-pistes-et-se-poursuit-dans-les-établissements-du-village-C-Dominic-Steuer--768x512.jpg

10-Ischgl-la-fête-commence-sur-les-pistes-et-se-poursuit-dans-les-établissements-du-village-C-Dominic-Steuer--900x500.jpg

https://www.exclusifmag.com/online/wp-content/uploads/2019/01/10-Ischgl-la-fête-commence-sur-les-pistes-et-se-poursuit-dans-les-établissements-du-village-C-Dominic-Steuer--900x500.jpg

10-Ischgl-la-fête-commence-sur-les-pistes-et-se-poursuit-dans-les-établissements-du-village-C-Dominic-Steuer--400x400.jpg

https://www.exclusifmag.com/online/wp-content/uploads/2019/01/10-Ischgl-la-fête-commence-sur-les-pistes-et-se-poursuit-dans-les-établissements-du-village-C-Dominic-Steuer--400x400.jpg

10-Ischgl-la-fête-commence-sur-les-pistes-et-se-poursuit-dans-les-établissements-du-village-C-Dominic-Steuer--800x400.jpg

https://www.exclusifmag.com/online/wp-content/uploads/2019/01/10-Ischgl-la-fête-commence-sur-les-pistes-et-se-poursuit-dans-les-établissements-du-village-C-Dominic-Steuer--800x400.jpg

10-Ischgl-la-fête-commence-sur-les-pistes-et-se-poursuit-dans-les-établissements-du-village-C-Dominic-Steuer--400x600.jpg

https://www.exclusifmag.com/online/wp-content/uploads/2019/01/10-Ischgl-la-fête-commence-sur-les-pistes-et-se-poursuit-dans-les-établissements-du-village-C-Dominic-Steuer--400x600.jpg

10-Ischgl-la-fête-commence-sur-les-pistes-et-se-poursuit-dans-les-établissements-du-village-C-Dominic-Steuer--840x400.jpg

https://www.exclusifmag.com/online/wp-content/uploads/2019/01/10-Ischgl-la-fête-commence-sur-les-pistes-et-se-poursuit-dans-les-établissements-du-village-C-Dominic-Steuer--840x400.jpg

10-Ischgl-la-fête-commence-sur-les-pistes-et-se-poursuit-dans-les-établissements-du-village-C-Dominic-Steuer--825x550.jpg

https://www.exclusifmag.com/online/wp-content/uploads/2019/01/10-Ischgl-la-fête-commence-sur-les-pistes-et-se-poursuit-dans-les-établissements-du-village-C-Dominic-Steuer--825x550.jpg

10-Ischgl-la-fête-commence-sur-les-pistes-et-se-poursuit-dans-les-établissements-du-village-C-Dominic-Steuer--500x600.jpg

https://www.exclusifmag.com/online/wp-content/uploads/2019/01/10-Ischgl-la-fête-commence-sur-les-pistes-et-se-poursuit-dans-les-établissements-du-village-C-Dominic-Steuer--500x600.jpg

10-Ischgl-la-fête-commence-sur-les-pistes-et-se-poursuit-dans-les-établissements-du-village-C-Dominic-Steuer-.jpg

https://www.exclusifmag.com/online/wp-content/uploads/2019/01/10-Ischgl-la-fête-commence-sur-les-pistes-et-se-poursuit-dans-les-établissements-du-village-C-Dominic-Steuer-.jpg
