{"id":398,"date":"2018-10-30T17:37:22","date_gmt":"2018-10-30T16:37:22","guid":{"rendered":"http:\/\/www.exclusifmag.com\/online\/wp-content\/uploads\/2018\/10\/9.-Vue-de-la-fa\u00e7ade-lH\u00f4tel-Kempinski-The-Dome-face-\u00e0-la-mer-cG.A.-D.jpg"},"modified":"2018-11-13T15:07:42","modified_gmt":"2018-11-13T14:07:42","slug":"9-vue-de-la-facade-lhotel-kempinski-the-dome-face-a-la-mer-cg-a-d","status":"inherit","type":"attachment","link":"https:\/\/www.exclusifmag.com\/online\/9-vue-de-la-facade-lhotel-kempinski-the-dome-face-a-la-mer-cg-a-d\/","title":{"rendered":""},"author":1,"featured_media":0,"comment_status":"open","ping_status":"closed","template":"","meta":[],"class_list":["post-398","attachment","type-attachment","status-inherit","hentry"],"description":{"rendered":"<p class=\"attachment\"><a href='https:\/\/www.exclusifmag.com\/online\/wp-content\/uploads\/2018\/10\/9.-Vue-de-la-fa\u00e7ade-lH\u00f4tel-Kempinski-The-Dome-face-\u00e0-la-mer-cG.A.-D.jpg'><img loading=\"lazy\" decoding=\"async\" width=\"400\" height=\"266\" src=\"https:\/\/www.exclusifmag.com\/online\/wp-content\/uploads\/2018\/10\/9.-Vue-de-la-fa\u00e7ade-lH\u00f4tel-Kempinski-The-Dome-face-\u00e0-la-mer-cG.A.-D-400x266.jpg\" class=\"attachment-medium size-medium\" alt=\"Vue de la fa\u00e7ade l&#039;H\u00f4tel Kempinski The Dome face \u00e0 la mer (c)G.A.-D.\" srcset=\"https:\/\/www.exclusifmag.com\/online\/wp-content\/uploads\/2018\/10\/9.-Vue-de-la-fa\u00e7ade-lH\u00f4tel-Kempinski-The-Dome-face-\u00e0-la-mer-cG.A.-D-400x266.jpg 400w, https:\/\/www.exclusifmag.com\/online\/wp-content\/uploads\/2018\/10\/9.-Vue-de-la-fa\u00e7ade-lH\u00f4tel-Kempinski-The-Dome-face-\u00e0-la-mer-cG.A.-D-828x550.jpg 828w, https:\/\/www.exclusifmag.com\/online\/wp-content\/uploads\/2018\/10\/9.-Vue-de-la-fa\u00e7ade-lH\u00f4tel-Kempinski-The-Dome-face-\u00e0-la-mer-cG.A.-D-768x510.jpg 768w, https:\/\/www.exclusifmag.com\/online\/wp-content\/uploads\/2018\/10\/9.-Vue-de-la-fa\u00e7ade-lH\u00f4tel-Kempinski-The-Dome-face-\u00e0-la-mer-cG.A.-D.jpg 900w\" sizes=\"auto, (max-width: 400px) 100vw, 400px\" \/><\/a><\/p>\n"},"caption":{"rendered":""},"alt_text":"Vue de la fa\u00e7ade l'H\u00f4tel Kempinski The Dome face \u00e0 la mer (c)G.A.-D.","media_type":"image","mime_type":"image\/jpeg","media_details":{"width":900,"height":598,"file":"2018\/10\/9.-Vue-de-la-fa\u00e7ade-lH\u00f4tel-Kempinski-The-Dome-face-\u00e0-la-mer-cG.A.-D.jpg","sizes":{"article900":{"file":"9.-Vue-de-la-fa\u00e7ade-lH\u00f4tel-Kempinski-The-Dome-face-\u00e0-la-mer-cG.A.-D-828x550.jpg","width":828,"height":550,"mime_type":"image\/jpeg","source_url":"https:\/\/www.exclusifmag.com\/online\/wp-content\/uploads\/2018\/10\/9.-Vue-de-la-fa\u00e7ade-lH\u00f4tel-Kempinski-The-Dome-face-\u00e0-la-mer-cG.A.-D-828x550.jpg"},"thumbnail":{"file":"9.-Vue-de-la-fa\u00e7ade-lH\u00f4tel-Kempinski-The-Dome-face-\u00e0-la-mer-cG.A.-D-250x250.jpg","width":250,"height":250,"mime_type":"image\/jpeg","source_url":"https:\/\/www.exclusifmag.com\/online\/wp-content\/uploads\/2018\/10\/9.-Vue-de-la-fa\u00e7ade-lH\u00f4tel-Kempinski-The-Dome-face-\u00e0-la-mer-cG.A.-D-250x250.jpg"},"medium":{"file":"9.-Vue-de-la-fa\u00e7ade-lH\u00f4tel-Kempinski-The-Dome-face-\u00e0-la-mer-cG.A.-D-400x266.jpg","width":400,"height":266,"mime_type":"image\/jpeg","source_url":"https:\/\/www.exclusifmag.com\/online\/wp-content\/uploads\/2018\/10\/9.-Vue-de-la-fa\u00e7ade-lH\u00f4tel-Kempinski-The-Dome-face-\u00e0-la-mer-cG.A.-D-400x266.jpg"},"medium_large":{"file":"9.-Vue-de-la-fa\u00e7ade-lH\u00f4tel-Kempinski-The-Dome-face-\u00e0-la-mer-cG.A.-D-768x510.jpg","width":768,"height":510,"mime_type":"image\/jpeg","source_url":"https:\/\/www.exclusifmag.com\/online\/wp-content\/uploads\/2018\/10\/9.-Vue-de-la-fa\u00e7ade-lH\u00f4tel-Kempinski-The-Dome-face-\u00e0-la-mer-cG.A.-D-768x510.jpg"},"article1hori":{"file":"9.-Vue-de-la-fa\u00e7ade-lH\u00f4tel-Kempinski-The-Dome-face-\u00e0-la-mer-cG.A.-D-900x500.jpg","width":900,"height":500,"mime_type":"image\/jpeg","source_url":"https:\/\/www.exclusifmag.com\/online\/wp-content\/uploads\/2018\/10\/9.-Vue-de-la-fa\u00e7ade-lH\u00f4tel-Kempinski-The-Dome-face-\u00e0-la-mer-cG.A.-D-900x500.jpg"},"article4":{"file":"9.-Vue-de-la-fa\u00e7ade-lH\u00f4tel-Kempinski-The-Dome-face-\u00e0-la-mer-cG.A.-D-400x400.jpg","width":400,"height":400,"mime_type":"image\/jpeg","source_url":"https:\/\/www.exclusifmag.com\/online\/wp-content\/uploads\/2018\/10\/9.-Vue-de-la-fa\u00e7ade-lH\u00f4tel-Kempinski-The-Dome-face-\u00e0-la-mer-cG.A.-D-400x400.jpg"},"article2":{"file":"9.-Vue-de-la-fa\u00e7ade-lH\u00f4tel-Kempinski-The-Dome-face-\u00e0-la-mer-cG.A.-D-800x400.jpg","width":800,"height":400,"mime_type":"image\/jpeg","source_url":"https:\/\/www.exclusifmag.com\/online\/wp-content\/uploads\/2018\/10\/9.-Vue-de-la-fa\u00e7ade-lH\u00f4tel-Kempinski-The-Dome-face-\u00e0-la-mer-cG.A.-D-800x400.jpg"},"article1verti":{"file":"9.-Vue-de-la-fa\u00e7ade-lH\u00f4tel-Kempinski-The-Dome-face-\u00e0-la-mer-cG.A.-D-400x598.jpg","width":400,"height":598,"mime_type":"image\/jpeg","source_url":"https:\/\/www.exclusifmag.com\/online\/wp-content\/uploads\/2018\/10\/9.-Vue-de-la-fa\u00e7ade-lH\u00f4tel-Kempinski-The-Dome-face-\u00e0-la-mer-cG.A.-D-400x598.jpg"},"article":{"file":"9.-Vue-de-la-fa\u00e7ade-lH\u00f4tel-Kempinski-The-Dome-face-\u00e0-la-mer-cG.A.-D-840x400.jpg","width":840,"height":400,"mime_type":"image\/jpeg","source_url":"https:\/\/www.exclusifmag.com\/online\/wp-content\/uploads\/2018\/10\/9.-Vue-de-la-fa\u00e7ade-lH\u00f4tel-Kempinski-The-Dome-face-\u00e0-la-mer-cG.A.-D-840x400.jpg"},"magpapier":{"file":"9.-Vue-de-la-fa\u00e7ade-lH\u00f4tel-Kempinski-The-Dome-face-\u00e0-la-mer-cG.A.-D-500x598.jpg","width":500,"height":598,"mime_type":"image\/jpeg","source_url":"https:\/\/www.exclusifmag.com\/online\/wp-content\/uploads\/2018\/10\/9.-Vue-de-la-fa\u00e7ade-lH\u00f4tel-Kempinski-The-Dome-face-\u00e0-la-mer-cG.A.-D-500x598.jpg"},"full":{"file":"9.-Vue-de-la-fa\u00e7ade-lH\u00f4tel-Kempinski-The-Dome-face-\u00e0-la-mer-cG.A.-D.jpg","width":900,"height":598,"mime_type":"image\/jpeg","source_url":"https:\/\/www.exclusifmag.com\/online\/wp-content\/uploads\/2018\/10\/9.-Vue-de-la-fa\u00e7ade-lH\u00f4tel-Kempinski-The-Dome-face-\u00e0-la-mer-cG.A.-D.jpg"}},"image_meta":{"aperture":"0","credit":"","camera":"","caption":"","created_timestamp":"0","copyright":"","focal_length":"0","iso":"0","shutter_speed":"0","title":"","orientation":"0","keywords":[]}},"post":null,"source_url":"https:\/\/www.exclusifmag.com\/online\/wp-content\/uploads\/2018\/10\/9.-Vue-de-la-fa\u00e7ade-lH\u00f4tel-Kempinski-The-Dome-face-\u00e0-la-mer-cG.A.-D.jpg","_links":{"self":[{"href":"https:\/\/www.exclusifmag.com\/online\/wp-json\/wp\/v2\/media\/398","targetHints":{"allow":["GET"]}}],"collection":[{"href":"https:\/\/www.exclusifmag.com\/online\/wp-json\/wp\/v2\/media"}],"about":[{"href":"https:\/\/www.exclusifmag.com\/online\/wp-json\/wp\/v2\/types\/attachment"}],"author":[{"embeddable":true,"href":"https:\/\/www.exclusifmag.com\/online\/wp-json\/wp\/v2\/users\/1"}],"replies":[{"embeddable":true,"href":"https:\/\/www.exclusifmag.com\/online\/wp-json\/wp\/v2\/comments?post=398"}]}}

http://www.exclusifmag.com/online/wp-content/uploads/2018/10/9.-Vue-de-la-façade-lHôtel-Kempinski-The-Dome-face-à-la-mer-cG.A.-D.jpg

<p class="attachment"><a href='https://www.exclusifmag.com/online/wp-content/uploads/2018/10/9.-Vue-de-la-façade-lHôtel-Kempinski-The-Dome-face-à-la-mer-cG.A.-D.jpg'><img loading="lazy" decoding="async" width="400" height="266" src="https://www.exclusifmag.com/online/wp-content/uploads/2018/10/9.-Vue-de-la-façade-lHôtel-Kempinski-The-Dome-face-à-la-mer-cG.A.-D-400x266.jpg" class="attachment-medium size-medium" alt="Vue de la façade l&#039;Hôtel Kempinski The Dome face à la mer (c)G.A.-D." srcset="https://www.exclusifmag.com/online/wp-content/uploads/2018/10/9.-Vue-de-la-façade-lHôtel-Kempinski-The-Dome-face-à-la-mer-cG.A.-D-400x266.jpg 400w, https://www.exclusifmag.com/online/wp-content/uploads/2018/10/9.-Vue-de-la-façade-lHôtel-Kempinski-The-Dome-face-à-la-mer-cG.A.-D-828x550.jpg 828w, https://www.exclusifmag.com/online/wp-content/uploads/2018/10/9.-Vue-de-la-façade-lHôtel-Kempinski-The-Dome-face-à-la-mer-cG.A.-D-768x510.jpg 768w, https://www.exclusifmag.com/online/wp-content/uploads/2018/10/9.-Vue-de-la-façade-lHôtel-Kempinski-The-Dome-face-à-la-mer-cG.A.-D.jpg 900w" sizes="auto, (max-width: 400px) 100vw, 400px" /></a></p>

Vue de la façade l'Hôtel Kempinski The Dome face à la mer (c)G.A.-D.

2018/10/9.-Vue-de-la-façade-lHôtel-Kempinski-The-Dome-face-à-la-mer-cG.A.-D.jpg

9.-Vue-de-la-façade-lHôtel-Kempinski-The-Dome-face-à-la-mer-cG.A.-D-828x550.jpg

https://www.exclusifmag.com/online/wp-content/uploads/2018/10/9.-Vue-de-la-façade-lHôtel-Kempinski-The-Dome-face-à-la-mer-cG.A.-D-828x550.jpg

9.-Vue-de-la-façade-lHôtel-Kempinski-The-Dome-face-à-la-mer-cG.A.-D-250x250.jpg

https://www.exclusifmag.com/online/wp-content/uploads/2018/10/9.-Vue-de-la-façade-lHôtel-Kempinski-The-Dome-face-à-la-mer-cG.A.-D-250x250.jpg

9.-Vue-de-la-façade-lHôtel-Kempinski-The-Dome-face-à-la-mer-cG.A.-D-400x266.jpg

https://www.exclusifmag.com/online/wp-content/uploads/2018/10/9.-Vue-de-la-façade-lHôtel-Kempinski-The-Dome-face-à-la-mer-cG.A.-D-400x266.jpg

9.-Vue-de-la-façade-lHôtel-Kempinski-The-Dome-face-à-la-mer-cG.A.-D-768x510.jpg

https://www.exclusifmag.com/online/wp-content/uploads/2018/10/9.-Vue-de-la-façade-lHôtel-Kempinski-The-Dome-face-à-la-mer-cG.A.-D-768x510.jpg

9.-Vue-de-la-façade-lHôtel-Kempinski-The-Dome-face-à-la-mer-cG.A.-D-900x500.jpg

https://www.exclusifmag.com/online/wp-content/uploads/2018/10/9.-Vue-de-la-façade-lHôtel-Kempinski-The-Dome-face-à-la-mer-cG.A.-D-900x500.jpg

9.-Vue-de-la-façade-lHôtel-Kempinski-The-Dome-face-à-la-mer-cG.A.-D-400x400.jpg

https://www.exclusifmag.com/online/wp-content/uploads/2018/10/9.-Vue-de-la-façade-lHôtel-Kempinski-The-Dome-face-à-la-mer-cG.A.-D-400x400.jpg

9.-Vue-de-la-façade-lHôtel-Kempinski-The-Dome-face-à-la-mer-cG.A.-D-800x400.jpg

https://www.exclusifmag.com/online/wp-content/uploads/2018/10/9.-Vue-de-la-façade-lHôtel-Kempinski-The-Dome-face-à-la-mer-cG.A.-D-800x400.jpg

9.-Vue-de-la-façade-lHôtel-Kempinski-The-Dome-face-à-la-mer-cG.A.-D-400x598.jpg

https://www.exclusifmag.com/online/wp-content/uploads/2018/10/9.-Vue-de-la-façade-lHôtel-Kempinski-The-Dome-face-à-la-mer-cG.A.-D-400x598.jpg

9.-Vue-de-la-façade-lHôtel-Kempinski-The-Dome-face-à-la-mer-cG.A.-D-840x400.jpg

https://www.exclusifmag.com/online/wp-content/uploads/2018/10/9.-Vue-de-la-façade-lHôtel-Kempinski-The-Dome-face-à-la-mer-cG.A.-D-840x400.jpg

9.-Vue-de-la-façade-lHôtel-Kempinski-The-Dome-face-à-la-mer-cG.A.-D-500x598.jpg

https://www.exclusifmag.com/online/wp-content/uploads/2018/10/9.-Vue-de-la-façade-lHôtel-Kempinski-The-Dome-face-à-la-mer-cG.A.-D-500x598.jpg

9.-Vue-de-la-façade-lHôtel-Kempinski-The-Dome-face-à-la-mer-cG.A.-D.jpg

https://www.exclusifmag.com/online/wp-content/uploads/2018/10/9.-Vue-de-la-façade-lHôtel-Kempinski-The-Dome-face-à-la-mer-cG.A.-D.jpg
