{"id":7255,"date":"2019-07-28T14:52:24","date_gmt":"2019-07-28T12:52:24","guid":{"rendered":"http:\/\/www.exclusifmag.com\/online\/wp-content\/uploads\/2019\/07\/11.-Fresque-en-c\u00e9ramique-repr\u00e9sentant-divers-fruits-et-la-grenade-lembl\u00e8me-du-pays-c-G.A.-D.-.jpg"},"modified":"2019-07-28T15:01:10","modified_gmt":"2019-07-28T13:01:10","slug":"11-fresque-en-ceramique-representant-divers-fruits-et-la-grenade-lembleme-du-pays-c-g-a-d","status":"inherit","type":"attachment","link":"https:\/\/www.exclusifmag.com\/online\/armenie-carnets-de-voyage\/11-fresque-en-ceramique-representant-divers-fruits-et-la-grenade-lembleme-du-pays-c-g-a-d\/","title":{"rendered":""},"author":1,"featured_media":0,"comment_status":"open","ping_status":"closed","template":"","meta":[],"class_list":["post-7255","attachment","type-attachment","status-inherit","hentry"],"description":{"rendered":"<p class=\"attachment\"><a href='https:\/\/www.exclusifmag.com\/online\/wp-content\/uploads\/2019\/07\/11.-Fresque-en-c\u00e9ramique-repr\u00e9sentant-divers-fruits-et-la-grenade-lembl\u00e8me-du-pays-c-G.A.-D.-.jpg'><img loading=\"lazy\" decoding=\"async\" width=\"400\" height=\"300\" src=\"https:\/\/www.exclusifmag.com\/online\/wp-content\/uploads\/2019\/07\/11.-Fresque-en-c\u00e9ramique-repr\u00e9sentant-divers-fruits-et-la-grenade-lembl\u00e8me-du-pays-c-G.A.-D.--400x300.jpg\" class=\"attachment-medium size-medium\" alt=\"Fresque en c\u00e9ramique repr\u00e9sentant divers fruits et la grenade l&#039;embl\u00e8me du pays (c) G.A.-D.\" srcset=\"https:\/\/www.exclusifmag.com\/online\/wp-content\/uploads\/2019\/07\/11.-Fresque-en-c\u00e9ramique-repr\u00e9sentant-divers-fruits-et-la-grenade-lembl\u00e8me-du-pays-c-G.A.-D.--400x300.jpg 400w, https:\/\/www.exclusifmag.com\/online\/wp-content\/uploads\/2019\/07\/11.-Fresque-en-c\u00e9ramique-repr\u00e9sentant-divers-fruits-et-la-grenade-lembl\u00e8me-du-pays-c-G.A.-D.--768x576.jpg 768w, https:\/\/www.exclusifmag.com\/online\/wp-content\/uploads\/2019\/07\/11.-Fresque-en-c\u00e9ramique-repr\u00e9sentant-divers-fruits-et-la-grenade-lembl\u00e8me-du-pays-c-G.A.-D.--733x550.jpg 733w, https:\/\/www.exclusifmag.com\/online\/wp-content\/uploads\/2019\/07\/11.-Fresque-en-c\u00e9ramique-repr\u00e9sentant-divers-fruits-et-la-grenade-lembl\u00e8me-du-pays-c-G.A.-D.-.jpg 900w\" sizes=\"auto, (max-width: 400px) 100vw, 400px\" \/><\/a><\/p>\n"},"caption":{"rendered":""},"alt_text":"Fresque en c\u00e9ramique repr\u00e9sentant divers fruits et la grenade l'embl\u00e8me du pays (c) G.A.-D.","media_type":"image","mime_type":"image\/jpeg","media_details":{"width":900,"height":675,"file":"2019\/07\/11.-Fresque-en-c\u00e9ramique-repr\u00e9sentant-divers-fruits-et-la-grenade-lembl\u00e8me-du-pays-c-G.A.-D.-.jpg","sizes":{"thumbnail":{"file":"11.-Fresque-en-c\u00e9ramique-repr\u00e9sentant-divers-fruits-et-la-grenade-lembl\u00e8me-du-pays-c-G.A.-D.--250x250.jpg","width":"250","height":"250","mime_type":"image\/jpeg","source_url":"https:\/\/www.exclusifmag.com\/online\/wp-content\/uploads\/2019\/07\/11.-Fresque-en-c\u00e9ramique-repr\u00e9sentant-divers-fruits-et-la-grenade-lembl\u00e8me-du-pays-c-G.A.-D.--250x250.jpg"},"medium":{"file":"11.-Fresque-en-c\u00e9ramique-repr\u00e9sentant-divers-fruits-et-la-grenade-lembl\u00e8me-du-pays-c-G.A.-D.--400x300.jpg","width":"400","height":"300","mime_type":"image\/jpeg","source_url":"https:\/\/www.exclusifmag.com\/online\/wp-content\/uploads\/2019\/07\/11.-Fresque-en-c\u00e9ramique-repr\u00e9sentant-divers-fruits-et-la-grenade-lembl\u00e8me-du-pays-c-G.A.-D.--400x300.jpg"},"medium_large":{"file":"11.-Fresque-en-c\u00e9ramique-repr\u00e9sentant-divers-fruits-et-la-grenade-lembl\u00e8me-du-pays-c-G.A.-D.--768x576.jpg","width":"768","height":"576","mime_type":"image\/jpeg","source_url":"https:\/\/www.exclusifmag.com\/online\/wp-content\/uploads\/2019\/07\/11.-Fresque-en-c\u00e9ramique-repr\u00e9sentant-divers-fruits-et-la-grenade-lembl\u00e8me-du-pays-c-G.A.-D.--768x576.jpg"},"article1hori":{"file":"11.-Fresque-en-c\u00e9ramique-repr\u00e9sentant-divers-fruits-et-la-grenade-lembl\u00e8me-du-pays-c-G.A.-D.--900x500.jpg","width":"900","height":"500","mime_type":"image\/jpeg","source_url":"https:\/\/www.exclusifmag.com\/online\/wp-content\/uploads\/2019\/07\/11.-Fresque-en-c\u00e9ramique-repr\u00e9sentant-divers-fruits-et-la-grenade-lembl\u00e8me-du-pays-c-G.A.-D.--900x500.jpg"},"article4":{"file":"11.-Fresque-en-c\u00e9ramique-repr\u00e9sentant-divers-fruits-et-la-grenade-lembl\u00e8me-du-pays-c-G.A.-D.--400x400.jpg","width":"400","height":"400","mime_type":"image\/jpeg","source_url":"https:\/\/www.exclusifmag.com\/online\/wp-content\/uploads\/2019\/07\/11.-Fresque-en-c\u00e9ramique-repr\u00e9sentant-divers-fruits-et-la-grenade-lembl\u00e8me-du-pays-c-G.A.-D.--400x400.jpg"},"article2":{"file":"11.-Fresque-en-c\u00e9ramique-repr\u00e9sentant-divers-fruits-et-la-grenade-lembl\u00e8me-du-pays-c-G.A.-D.--800x400.jpg","width":"800","height":"400","mime_type":"image\/jpeg","source_url":"https:\/\/www.exclusifmag.com\/online\/wp-content\/uploads\/2019\/07\/11.-Fresque-en-c\u00e9ramique-repr\u00e9sentant-divers-fruits-et-la-grenade-lembl\u00e8me-du-pays-c-G.A.-D.--800x400.jpg"},"article1verti":{"file":"11.-Fresque-en-c\u00e9ramique-repr\u00e9sentant-divers-fruits-et-la-grenade-lembl\u00e8me-du-pays-c-G.A.-D.--400x600.jpg","width":"400","height":"600","mime_type":"image\/jpeg","source_url":"https:\/\/www.exclusifmag.com\/online\/wp-content\/uploads\/2019\/07\/11.-Fresque-en-c\u00e9ramique-repr\u00e9sentant-divers-fruits-et-la-grenade-lembl\u00e8me-du-pays-c-G.A.-D.--400x600.jpg"},"article":{"file":"11.-Fresque-en-c\u00e9ramique-repr\u00e9sentant-divers-fruits-et-la-grenade-lembl\u00e8me-du-pays-c-G.A.-D.--840x400.jpg","width":"840","height":"400","mime_type":"image\/jpeg","source_url":"https:\/\/www.exclusifmag.com\/online\/wp-content\/uploads\/2019\/07\/11.-Fresque-en-c\u00e9ramique-repr\u00e9sentant-divers-fruits-et-la-grenade-lembl\u00e8me-du-pays-c-G.A.-D.--840x400.jpg"},"article900":{"file":"11.-Fresque-en-c\u00e9ramique-repr\u00e9sentant-divers-fruits-et-la-grenade-lembl\u00e8me-du-pays-c-G.A.-D.--733x550.jpg","width":"733","height":"550","mime_type":"image\/jpeg","source_url":"https:\/\/www.exclusifmag.com\/online\/wp-content\/uploads\/2019\/07\/11.-Fresque-en-c\u00e9ramique-repr\u00e9sentant-divers-fruits-et-la-grenade-lembl\u00e8me-du-pays-c-G.A.-D.--733x550.jpg"},"magpapier":{"file":"11.-Fresque-en-c\u00e9ramique-repr\u00e9sentant-divers-fruits-et-la-grenade-lembl\u00e8me-du-pays-c-G.A.-D.--500x645.jpg","width":"500","height":"645","mime_type":"image\/jpeg","source_url":"https:\/\/www.exclusifmag.com\/online\/wp-content\/uploads\/2019\/07\/11.-Fresque-en-c\u00e9ramique-repr\u00e9sentant-divers-fruits-et-la-grenade-lembl\u00e8me-du-pays-c-G.A.-D.--500x645.jpg"},"full":{"file":"11.-Fresque-en-c\u00e9ramique-repr\u00e9sentant-divers-fruits-et-la-grenade-lembl\u00e8me-du-pays-c-G.A.-D.-.jpg","width":900,"height":675,"mime_type":"image\/jpeg","source_url":"https:\/\/www.exclusifmag.com\/online\/wp-content\/uploads\/2019\/07\/11.-Fresque-en-c\u00e9ramique-repr\u00e9sentant-divers-fruits-et-la-grenade-lembl\u00e8me-du-pays-c-G.A.-D.-.jpg"}},"image_meta":{"aperture":"4.5","credit":"","camera":"SAMSUNG PL150 \/ VLUU PL150 \/ SAMSUNG TL210 \/ SAMSUNG PL151","caption":"","created_timestamp":"1539453965","copyright":"COPYRIGHT, 2009","focal_length":"7.8","iso":"400","shutter_speed":"0.125","title":"","orientation":"1"}},"post":7233,"source_url":"https:\/\/www.exclusifmag.com\/online\/wp-content\/uploads\/2019\/07\/11.-Fresque-en-c\u00e9ramique-repr\u00e9sentant-divers-fruits-et-la-grenade-lembl\u00e8me-du-pays-c-G.A.-D.-.jpg","_links":{"self":[{"href":"https:\/\/www.exclusifmag.com\/online\/wp-json\/wp\/v2\/media\/7255","targetHints":{"allow":["GET"]}}],"collection":[{"href":"https:\/\/www.exclusifmag.com\/online\/wp-json\/wp\/v2\/media"}],"about":[{"href":"https:\/\/www.exclusifmag.com\/online\/wp-json\/wp\/v2\/types\/attachment"}],"author":[{"embeddable":true,"href":"https:\/\/www.exclusifmag.com\/online\/wp-json\/wp\/v2\/users\/1"}],"replies":[{"embeddable":true,"href":"https:\/\/www.exclusifmag.com\/online\/wp-json\/wp\/v2\/comments?post=7255"}],"wp:attached-to":[{"embeddable":true,"post_type":"post","id":7233,"href":"https:\/\/www.exclusifmag.com\/online\/wp-json\/wp\/v2\/posts\/7233"}],"curies":[{"name":"wp","href":"https:\/\/api.w.org\/{rel}","templated":true}]}}

http://www.exclusifmag.com/online/wp-content/uploads/2019/07/11.-Fresque-en-céramique-représentant-divers-fruits-et-la-grenade-lemblème-du-pays-c-G.A.-D.-.jpg

<p class="attachment"><a href='https://www.exclusifmag.com/online/wp-content/uploads/2019/07/11.-Fresque-en-céramique-représentant-divers-fruits-et-la-grenade-lemblème-du-pays-c-G.A.-D.-.jpg'><img loading="lazy" decoding="async" width="400" height="300" src="https://www.exclusifmag.com/online/wp-content/uploads/2019/07/11.-Fresque-en-céramique-représentant-divers-fruits-et-la-grenade-lemblème-du-pays-c-G.A.-D.--400x300.jpg" class="attachment-medium size-medium" alt="Fresque en céramique représentant divers fruits et la grenade l&#039;emblème du pays (c) G.A.-D." srcset="https://www.exclusifmag.com/online/wp-content/uploads/2019/07/11.-Fresque-en-céramique-représentant-divers-fruits-et-la-grenade-lemblème-du-pays-c-G.A.-D.--400x300.jpg 400w, https://www.exclusifmag.com/online/wp-content/uploads/2019/07/11.-Fresque-en-céramique-représentant-divers-fruits-et-la-grenade-lemblème-du-pays-c-G.A.-D.--768x576.jpg 768w, https://www.exclusifmag.com/online/wp-content/uploads/2019/07/11.-Fresque-en-céramique-représentant-divers-fruits-et-la-grenade-lemblème-du-pays-c-G.A.-D.--733x550.jpg 733w, https://www.exclusifmag.com/online/wp-content/uploads/2019/07/11.-Fresque-en-céramique-représentant-divers-fruits-et-la-grenade-lemblème-du-pays-c-G.A.-D.-.jpg 900w" sizes="auto, (max-width: 400px) 100vw, 400px" /></a></p>

Fresque en céramique représentant divers fruits et la grenade l'emblème du pays (c) G.A.-D.

2019/07/11.-Fresque-en-céramique-représentant-divers-fruits-et-la-grenade-lemblème-du-pays-c-G.A.-D.-.jpg

11.-Fresque-en-céramique-représentant-divers-fruits-et-la-grenade-lemblème-du-pays-c-G.A.-D.--250x250.jpg

https://www.exclusifmag.com/online/wp-content/uploads/2019/07/11.-Fresque-en-céramique-représentant-divers-fruits-et-la-grenade-lemblème-du-pays-c-G.A.-D.--250x250.jpg

11.-Fresque-en-céramique-représentant-divers-fruits-et-la-grenade-lemblème-du-pays-c-G.A.-D.--400x300.jpg

https://www.exclusifmag.com/online/wp-content/uploads/2019/07/11.-Fresque-en-céramique-représentant-divers-fruits-et-la-grenade-lemblème-du-pays-c-G.A.-D.--400x300.jpg

11.-Fresque-en-céramique-représentant-divers-fruits-et-la-grenade-lemblème-du-pays-c-G.A.-D.--768x576.jpg

https://www.exclusifmag.com/online/wp-content/uploads/2019/07/11.-Fresque-en-céramique-représentant-divers-fruits-et-la-grenade-lemblème-du-pays-c-G.A.-D.--768x576.jpg

11.-Fresque-en-céramique-représentant-divers-fruits-et-la-grenade-lemblème-du-pays-c-G.A.-D.--900x500.jpg

https://www.exclusifmag.com/online/wp-content/uploads/2019/07/11.-Fresque-en-céramique-représentant-divers-fruits-et-la-grenade-lemblème-du-pays-c-G.A.-D.--900x500.jpg

11.-Fresque-en-céramique-représentant-divers-fruits-et-la-grenade-lemblème-du-pays-c-G.A.-D.--400x400.jpg

https://www.exclusifmag.com/online/wp-content/uploads/2019/07/11.-Fresque-en-céramique-représentant-divers-fruits-et-la-grenade-lemblème-du-pays-c-G.A.-D.--400x400.jpg

11.-Fresque-en-céramique-représentant-divers-fruits-et-la-grenade-lemblème-du-pays-c-G.A.-D.--800x400.jpg

https://www.exclusifmag.com/online/wp-content/uploads/2019/07/11.-Fresque-en-céramique-représentant-divers-fruits-et-la-grenade-lemblème-du-pays-c-G.A.-D.--800x400.jpg

11.-Fresque-en-céramique-représentant-divers-fruits-et-la-grenade-lemblème-du-pays-c-G.A.-D.--400x600.jpg

https://www.exclusifmag.com/online/wp-content/uploads/2019/07/11.-Fresque-en-céramique-représentant-divers-fruits-et-la-grenade-lemblème-du-pays-c-G.A.-D.--400x600.jpg

11.-Fresque-en-céramique-représentant-divers-fruits-et-la-grenade-lemblème-du-pays-c-G.A.-D.--840x400.jpg

https://www.exclusifmag.com/online/wp-content/uploads/2019/07/11.-Fresque-en-céramique-représentant-divers-fruits-et-la-grenade-lemblème-du-pays-c-G.A.-D.--840x400.jpg

11.-Fresque-en-céramique-représentant-divers-fruits-et-la-grenade-lemblème-du-pays-c-G.A.-D.--733x550.jpg

https://www.exclusifmag.com/online/wp-content/uploads/2019/07/11.-Fresque-en-céramique-représentant-divers-fruits-et-la-grenade-lemblème-du-pays-c-G.A.-D.--733x550.jpg

11.-Fresque-en-céramique-représentant-divers-fruits-et-la-grenade-lemblème-du-pays-c-G.A.-D.--500x645.jpg

https://www.exclusifmag.com/online/wp-content/uploads/2019/07/11.-Fresque-en-céramique-représentant-divers-fruits-et-la-grenade-lemblème-du-pays-c-G.A.-D.--500x645.jpg

11.-Fresque-en-céramique-représentant-divers-fruits-et-la-grenade-lemblème-du-pays-c-G.A.-D.-.jpg

https://www.exclusifmag.com/online/wp-content/uploads/2019/07/11.-Fresque-en-céramique-représentant-divers-fruits-et-la-grenade-lemblème-du-pays-c-G.A.-D.-.jpg
