{"id":9043,"date":"2019-10-15T16:00:48","date_gmt":"2019-10-15T14:00:48","guid":{"rendered":"http:\/\/www.exclusifmag.com\/online\/wp-content\/uploads\/2019\/10\/3.-Prix-Art-Humanit\u00e9-2019-dans-lattente-de-lannonce-des-r\u00e9sultats-c-Julien-Gremaud-.jpg"},"modified":"2019-10-15T16:05:24","modified_gmt":"2019-10-15T14:05:24","slug":"3-prix-art-humanite-2019-dans-lattente-de-lannonce-des-resultats-c-julien-gremaud","status":"inherit","type":"attachment","link":"https:\/\/www.exclusifmag.com\/online\/prix-art-humanite-2019\/3-prix-art-humanite-2019-dans-lattente-de-lannonce-des-resultats-c-julien-gremaud\/","title":{"rendered":""},"author":1,"featured_media":0,"comment_status":"open","ping_status":"closed","template":"","meta":[],"class_list":["post-9043","attachment","type-attachment","status-inherit","hentry"],"description":{"rendered":"<p class=\"attachment\"><a href='https:\/\/www.exclusifmag.com\/online\/wp-content\/uploads\/2019\/10\/3.-Prix-Art-Humanit\u00e9-2019-dans-lattente-de-lannonce-des-r\u00e9sultats-c-Julien-Gremaud-.jpg'><img loading=\"lazy\" decoding=\"async\" width=\"400\" height=\"267\" src=\"https:\/\/www.exclusifmag.com\/online\/wp-content\/uploads\/2019\/10\/3.-Prix-Art-Humanit\u00e9-2019-dans-lattente-de-lannonce-des-r\u00e9sultats-c-Julien-Gremaud--400x267.jpg\" class=\"attachment-medium size-medium\" alt=\"Prix Art Humanit\u00e9 2019 dans l&#039;attente de l&#039;annonce des r\u00e9sultats (c) Julien Gremaud\" srcset=\"https:\/\/www.exclusifmag.com\/online\/wp-content\/uploads\/2019\/10\/3.-Prix-Art-Humanit\u00e9-2019-dans-lattente-de-lannonce-des-r\u00e9sultats-c-Julien-Gremaud--400x267.jpg 400w, https:\/\/www.exclusifmag.com\/online\/wp-content\/uploads\/2019\/10\/3.-Prix-Art-Humanit\u00e9-2019-dans-lattente-de-lannonce-des-r\u00e9sultats-c-Julien-Gremaud--768x512.jpg 768w, https:\/\/www.exclusifmag.com\/online\/wp-content\/uploads\/2019\/10\/3.-Prix-Art-Humanit\u00e9-2019-dans-lattente-de-lannonce-des-r\u00e9sultats-c-Julien-Gremaud--825x550.jpg 825w, https:\/\/www.exclusifmag.com\/online\/wp-content\/uploads\/2019\/10\/3.-Prix-Art-Humanit\u00e9-2019-dans-lattente-de-lannonce-des-r\u00e9sultats-c-Julien-Gremaud-.jpg 900w\" sizes=\"auto, (max-width: 400px) 100vw, 400px\" \/><\/a><\/p>\n"},"caption":{"rendered":""},"alt_text":"Prix Art Humanit\u00e9 2019 dans l'attente de l'annonce des r\u00e9sultats (c) Julien Gremaud","media_type":"image","mime_type":"image\/jpeg","media_details":{"width":900,"height":600,"file":"2019\/10\/3.-Prix-Art-Humanit\u00e9-2019-dans-lattente-de-lannonce-des-r\u00e9sultats-c-Julien-Gremaud-.jpg","sizes":{"thumbnail":{"file":"3.-Prix-Art-Humanit\u00e9-2019-dans-lattente-de-lannonce-des-r\u00e9sultats-c-Julien-Gremaud--250x250.jpg","width":"250","height":"250","mime_type":"image\/jpeg","source_url":"https:\/\/www.exclusifmag.com\/online\/wp-content\/uploads\/2019\/10\/3.-Prix-Art-Humanit\u00e9-2019-dans-lattente-de-lannonce-des-r\u00e9sultats-c-Julien-Gremaud--250x250.jpg"},"medium":{"file":"3.-Prix-Art-Humanit\u00e9-2019-dans-lattente-de-lannonce-des-r\u00e9sultats-c-Julien-Gremaud--400x267.jpg","width":"400","height":"267","mime_type":"image\/jpeg","source_url":"https:\/\/www.exclusifmag.com\/online\/wp-content\/uploads\/2019\/10\/3.-Prix-Art-Humanit\u00e9-2019-dans-lattente-de-lannonce-des-r\u00e9sultats-c-Julien-Gremaud--400x267.jpg"},"medium_large":{"file":"3.-Prix-Art-Humanit\u00e9-2019-dans-lattente-de-lannonce-des-r\u00e9sultats-c-Julien-Gremaud--768x512.jpg","width":"768","height":"512","mime_type":"image\/jpeg","source_url":"https:\/\/www.exclusifmag.com\/online\/wp-content\/uploads\/2019\/10\/3.-Prix-Art-Humanit\u00e9-2019-dans-lattente-de-lannonce-des-r\u00e9sultats-c-Julien-Gremaud--768x512.jpg"},"article1hori":{"file":"3.-Prix-Art-Humanit\u00e9-2019-dans-lattente-de-lannonce-des-r\u00e9sultats-c-Julien-Gremaud--900x500.jpg","width":"900","height":"500","mime_type":"image\/jpeg","source_url":"https:\/\/www.exclusifmag.com\/online\/wp-content\/uploads\/2019\/10\/3.-Prix-Art-Humanit\u00e9-2019-dans-lattente-de-lannonce-des-r\u00e9sultats-c-Julien-Gremaud--900x500.jpg"},"article4":{"file":"3.-Prix-Art-Humanit\u00e9-2019-dans-lattente-de-lannonce-des-r\u00e9sultats-c-Julien-Gremaud--400x400.jpg","width":"400","height":"400","mime_type":"image\/jpeg","source_url":"https:\/\/www.exclusifmag.com\/online\/wp-content\/uploads\/2019\/10\/3.-Prix-Art-Humanit\u00e9-2019-dans-lattente-de-lannonce-des-r\u00e9sultats-c-Julien-Gremaud--400x400.jpg"},"article2":{"file":"3.-Prix-Art-Humanit\u00e9-2019-dans-lattente-de-lannonce-des-r\u00e9sultats-c-Julien-Gremaud--800x400.jpg","width":"800","height":"400","mime_type":"image\/jpeg","source_url":"https:\/\/www.exclusifmag.com\/online\/wp-content\/uploads\/2019\/10\/3.-Prix-Art-Humanit\u00e9-2019-dans-lattente-de-lannonce-des-r\u00e9sultats-c-Julien-Gremaud--800x400.jpg"},"article1verti":{"file":"3.-Prix-Art-Humanit\u00e9-2019-dans-lattente-de-lannonce-des-r\u00e9sultats-c-Julien-Gremaud--400x600.jpg","width":"400","height":"600","mime_type":"image\/jpeg","source_url":"https:\/\/www.exclusifmag.com\/online\/wp-content\/uploads\/2019\/10\/3.-Prix-Art-Humanit\u00e9-2019-dans-lattente-de-lannonce-des-r\u00e9sultats-c-Julien-Gremaud--400x600.jpg"},"article":{"file":"3.-Prix-Art-Humanit\u00e9-2019-dans-lattente-de-lannonce-des-r\u00e9sultats-c-Julien-Gremaud--840x400.jpg","width":"840","height":"400","mime_type":"image\/jpeg","source_url":"https:\/\/www.exclusifmag.com\/online\/wp-content\/uploads\/2019\/10\/3.-Prix-Art-Humanit\u00e9-2019-dans-lattente-de-lannonce-des-r\u00e9sultats-c-Julien-Gremaud--840x400.jpg"},"article900":{"file":"3.-Prix-Art-Humanit\u00e9-2019-dans-lattente-de-lannonce-des-r\u00e9sultats-c-Julien-Gremaud--825x550.jpg","width":"825","height":"550","mime_type":"image\/jpeg","source_url":"https:\/\/www.exclusifmag.com\/online\/wp-content\/uploads\/2019\/10\/3.-Prix-Art-Humanit\u00e9-2019-dans-lattente-de-lannonce-des-r\u00e9sultats-c-Julien-Gremaud--825x550.jpg"},"magpapier":{"file":"3.-Prix-Art-Humanit\u00e9-2019-dans-lattente-de-lannonce-des-r\u00e9sultats-c-Julien-Gremaud--500x600.jpg","width":"500","height":"600","mime_type":"image\/jpeg","source_url":"https:\/\/www.exclusifmag.com\/online\/wp-content\/uploads\/2019\/10\/3.-Prix-Art-Humanit\u00e9-2019-dans-lattente-de-lannonce-des-r\u00e9sultats-c-Julien-Gremaud--500x600.jpg"},"full":{"file":"3.-Prix-Art-Humanit\u00e9-2019-dans-lattente-de-lannonce-des-r\u00e9sultats-c-Julien-Gremaud-.jpg","width":900,"height":600,"mime_type":"image\/jpeg","source_url":"https:\/\/www.exclusifmag.com\/online\/wp-content\/uploads\/2019\/10\/3.-Prix-Art-Humanit\u00e9-2019-dans-lattente-de-lannonce-des-r\u00e9sultats-c-Julien-Gremaud-.jpg"}},"image_meta":{"aperture":"4.5","credit":"","camera":"ILCE-7M3","caption":"","created_timestamp":"1569950601","copyright":"","focal_length":"18","iso":"3200","shutter_speed":"0.05","title":"","orientation":"0"}},"post":9028,"source_url":"https:\/\/www.exclusifmag.com\/online\/wp-content\/uploads\/2019\/10\/3.-Prix-Art-Humanit\u00e9-2019-dans-lattente-de-lannonce-des-r\u00e9sultats-c-Julien-Gremaud-.jpg","_links":{"self":[{"href":"https:\/\/www.exclusifmag.com\/online\/wp-json\/wp\/v2\/media\/9043","targetHints":{"allow":["GET"]}}],"collection":[{"href":"https:\/\/www.exclusifmag.com\/online\/wp-json\/wp\/v2\/media"}],"about":[{"href":"https:\/\/www.exclusifmag.com\/online\/wp-json\/wp\/v2\/types\/attachment"}],"author":[{"embeddable":true,"href":"https:\/\/www.exclusifmag.com\/online\/wp-json\/wp\/v2\/users\/1"}],"replies":[{"embeddable":true,"href":"https:\/\/www.exclusifmag.com\/online\/wp-json\/wp\/v2\/comments?post=9043"}],"wp:attached-to":[{"embeddable":true,"post_type":"post","id":9028,"href":"https:\/\/www.exclusifmag.com\/online\/wp-json\/wp\/v2\/posts\/9028"}],"curies":[{"name":"wp","href":"https:\/\/api.w.org\/{rel}","templated":true}]}}

http://www.exclusifmag.com/online/wp-content/uploads/2019/10/3.-Prix-Art-Humanité-2019-dans-lattente-de-lannonce-des-résultats-c-Julien-Gremaud-.jpg

<p class="attachment"><a href='https://www.exclusifmag.com/online/wp-content/uploads/2019/10/3.-Prix-Art-Humanité-2019-dans-lattente-de-lannonce-des-résultats-c-Julien-Gremaud-.jpg'><img loading="lazy" decoding="async" width="400" height="267" src="https://www.exclusifmag.com/online/wp-content/uploads/2019/10/3.-Prix-Art-Humanité-2019-dans-lattente-de-lannonce-des-résultats-c-Julien-Gremaud--400x267.jpg" class="attachment-medium size-medium" alt="Prix Art Humanité 2019 dans l&#039;attente de l&#039;annonce des résultats (c) Julien Gremaud" srcset="https://www.exclusifmag.com/online/wp-content/uploads/2019/10/3.-Prix-Art-Humanité-2019-dans-lattente-de-lannonce-des-résultats-c-Julien-Gremaud--400x267.jpg 400w, https://www.exclusifmag.com/online/wp-content/uploads/2019/10/3.-Prix-Art-Humanité-2019-dans-lattente-de-lannonce-des-résultats-c-Julien-Gremaud--768x512.jpg 768w, https://www.exclusifmag.com/online/wp-content/uploads/2019/10/3.-Prix-Art-Humanité-2019-dans-lattente-de-lannonce-des-résultats-c-Julien-Gremaud--825x550.jpg 825w, https://www.exclusifmag.com/online/wp-content/uploads/2019/10/3.-Prix-Art-Humanité-2019-dans-lattente-de-lannonce-des-résultats-c-Julien-Gremaud-.jpg 900w" sizes="auto, (max-width: 400px) 100vw, 400px" /></a></p>

Prix Art Humanité 2019 dans l'attente de l'annonce des résultats (c) Julien Gremaud

2019/10/3.-Prix-Art-Humanité-2019-dans-lattente-de-lannonce-des-résultats-c-Julien-Gremaud-.jpg

3.-Prix-Art-Humanité-2019-dans-lattente-de-lannonce-des-résultats-c-Julien-Gremaud--250x250.jpg

https://www.exclusifmag.com/online/wp-content/uploads/2019/10/3.-Prix-Art-Humanité-2019-dans-lattente-de-lannonce-des-résultats-c-Julien-Gremaud--250x250.jpg

3.-Prix-Art-Humanité-2019-dans-lattente-de-lannonce-des-résultats-c-Julien-Gremaud--400x267.jpg

https://www.exclusifmag.com/online/wp-content/uploads/2019/10/3.-Prix-Art-Humanité-2019-dans-lattente-de-lannonce-des-résultats-c-Julien-Gremaud--400x267.jpg

3.-Prix-Art-Humanité-2019-dans-lattente-de-lannonce-des-résultats-c-Julien-Gremaud--768x512.jpg

https://www.exclusifmag.com/online/wp-content/uploads/2019/10/3.-Prix-Art-Humanité-2019-dans-lattente-de-lannonce-des-résultats-c-Julien-Gremaud--768x512.jpg

3.-Prix-Art-Humanité-2019-dans-lattente-de-lannonce-des-résultats-c-Julien-Gremaud--900x500.jpg

https://www.exclusifmag.com/online/wp-content/uploads/2019/10/3.-Prix-Art-Humanité-2019-dans-lattente-de-lannonce-des-résultats-c-Julien-Gremaud--900x500.jpg

3.-Prix-Art-Humanité-2019-dans-lattente-de-lannonce-des-résultats-c-Julien-Gremaud--400x400.jpg

https://www.exclusifmag.com/online/wp-content/uploads/2019/10/3.-Prix-Art-Humanité-2019-dans-lattente-de-lannonce-des-résultats-c-Julien-Gremaud--400x400.jpg

3.-Prix-Art-Humanité-2019-dans-lattente-de-lannonce-des-résultats-c-Julien-Gremaud--800x400.jpg

https://www.exclusifmag.com/online/wp-content/uploads/2019/10/3.-Prix-Art-Humanité-2019-dans-lattente-de-lannonce-des-résultats-c-Julien-Gremaud--800x400.jpg

3.-Prix-Art-Humanité-2019-dans-lattente-de-lannonce-des-résultats-c-Julien-Gremaud--400x600.jpg

https://www.exclusifmag.com/online/wp-content/uploads/2019/10/3.-Prix-Art-Humanité-2019-dans-lattente-de-lannonce-des-résultats-c-Julien-Gremaud--400x600.jpg

3.-Prix-Art-Humanité-2019-dans-lattente-de-lannonce-des-résultats-c-Julien-Gremaud--840x400.jpg

https://www.exclusifmag.com/online/wp-content/uploads/2019/10/3.-Prix-Art-Humanité-2019-dans-lattente-de-lannonce-des-résultats-c-Julien-Gremaud--840x400.jpg

3.-Prix-Art-Humanité-2019-dans-lattente-de-lannonce-des-résultats-c-Julien-Gremaud--825x550.jpg

https://www.exclusifmag.com/online/wp-content/uploads/2019/10/3.-Prix-Art-Humanité-2019-dans-lattente-de-lannonce-des-résultats-c-Julien-Gremaud--825x550.jpg

3.-Prix-Art-Humanité-2019-dans-lattente-de-lannonce-des-résultats-c-Julien-Gremaud--500x600.jpg

https://www.exclusifmag.com/online/wp-content/uploads/2019/10/3.-Prix-Art-Humanité-2019-dans-lattente-de-lannonce-des-résultats-c-Julien-Gremaud--500x600.jpg

3.-Prix-Art-Humanité-2019-dans-lattente-de-lannonce-des-résultats-c-Julien-Gremaud-.jpg

https://www.exclusifmag.com/online/wp-content/uploads/2019/10/3.-Prix-Art-Humanité-2019-dans-lattente-de-lannonce-des-résultats-c-Julien-Gremaud-.jpg
