{"id":9046,"date":"2019-10-15T16:00:56","date_gmt":"2019-10-15T14:00:56","guid":{"rendered":"http:\/\/www.exclusifmag.com\/online\/wp-content\/uploads\/2019\/10\/6.-Prix-Art-Humanit\u00e9-exposition-au-premier-plan-le-projet-gagnant-de-Ma\u00ebva-Weissen-c-Julien-Gremaud-HD-038.jpg"},"modified":"2019-10-15T16:41:58","modified_gmt":"2019-10-15T14:41:58","slug":"6-prix-art-humanite-exposition-au-premier-plan-le-projet-gagnant-de-maeva-weissen-c-julien-gremaud-hd-038","status":"inherit","type":"attachment","link":"https:\/\/www.exclusifmag.com\/online\/prix-art-humanite-2019\/6-prix-art-humanite-exposition-au-premier-plan-le-projet-gagnant-de-maeva-weissen-c-julien-gremaud-hd-038\/","title":{"rendered":"6.-Prix-Art-Humanit\u00e9-exposition-au-premier-plan-le-projet-gagnant-de-Ma\u00ebva-Weissen-c-Julien-Gremaud-HD-038"},"author":1,"featured_media":0,"comment_status":"open","ping_status":"closed","template":"","meta":[],"class_list":["post-9046","attachment","type-attachment","status-inherit","hentry"],"description":{"rendered":"<p class=\"attachment\"><a href='https:\/\/www.exclusifmag.com\/online\/wp-content\/uploads\/2019\/10\/6.-Prix-Art-Humanit\u00e9-exposition-au-premier-plan-le-projet-gagnant-de-Ma\u00ebva-Weissen-c-Julien-Gremaud-HD-038.jpg'><img loading=\"lazy\" decoding=\"async\" width=\"400\" height=\"267\" src=\"https:\/\/www.exclusifmag.com\/online\/wp-content\/uploads\/2019\/10\/6.-Prix-Art-Humanit\u00e9-exposition-au-premier-plan-le-projet-gagnant-de-Ma\u00ebva-Weissen-c-Julien-Gremaud-HD-038-400x267.jpg\" class=\"attachment-medium size-medium\" alt=\"Prix Art Humanit\u00e9 exposition au premier plan le projet gagnant de Ma\u00ebva Weissen (c) Julien Gremaud-HD-038\" srcset=\"https:\/\/www.exclusifmag.com\/online\/wp-content\/uploads\/2019\/10\/6.-Prix-Art-Humanit\u00e9-exposition-au-premier-plan-le-projet-gagnant-de-Ma\u00ebva-Weissen-c-Julien-Gremaud-HD-038-400x267.jpg 400w, https:\/\/www.exclusifmag.com\/online\/wp-content\/uploads\/2019\/10\/6.-Prix-Art-Humanit\u00e9-exposition-au-premier-plan-le-projet-gagnant-de-Ma\u00ebva-Weissen-c-Julien-Gremaud-HD-038-768x512.jpg 768w, https:\/\/www.exclusifmag.com\/online\/wp-content\/uploads\/2019\/10\/6.-Prix-Art-Humanit\u00e9-exposition-au-premier-plan-le-projet-gagnant-de-Ma\u00ebva-Weissen-c-Julien-Gremaud-HD-038-825x550.jpg 825w, https:\/\/www.exclusifmag.com\/online\/wp-content\/uploads\/2019\/10\/6.-Prix-Art-Humanit\u00e9-exposition-au-premier-plan-le-projet-gagnant-de-Ma\u00ebva-Weissen-c-Julien-Gremaud-HD-038.jpg 900w\" sizes=\"auto, (max-width: 400px) 100vw, 400px\" \/><\/a><\/p>\n"},"caption":{"rendered":""},"alt_text":"Prix Art Humanit\u00e9 exposition au premier plan le projet gagnant de Ma\u00ebva Weissen (c) Julien Gremaud-HD-038","media_type":"image","mime_type":"image\/jpeg","media_details":{"width":900,"height":600,"file":"2019\/10\/6.-Prix-Art-Humanit\u00e9-exposition-au-premier-plan-le-projet-gagnant-de-Ma\u00ebva-Weissen-c-Julien-Gremaud-HD-038.jpg","sizes":{"thumbnail":{"file":"6.-Prix-Art-Humanit\u00e9-exposition-au-premier-plan-le-projet-gagnant-de-Ma\u00ebva-Weissen-c-Julien-Gremaud-HD-038-250x250.jpg","width":"250","height":"250","mime_type":"image\/jpeg","source_url":"https:\/\/www.exclusifmag.com\/online\/wp-content\/uploads\/2019\/10\/6.-Prix-Art-Humanit\u00e9-exposition-au-premier-plan-le-projet-gagnant-de-Ma\u00ebva-Weissen-c-Julien-Gremaud-HD-038-250x250.jpg"},"medium":{"file":"6.-Prix-Art-Humanit\u00e9-exposition-au-premier-plan-le-projet-gagnant-de-Ma\u00ebva-Weissen-c-Julien-Gremaud-HD-038-400x267.jpg","width":"400","height":"267","mime_type":"image\/jpeg","source_url":"https:\/\/www.exclusifmag.com\/online\/wp-content\/uploads\/2019\/10\/6.-Prix-Art-Humanit\u00e9-exposition-au-premier-plan-le-projet-gagnant-de-Ma\u00ebva-Weissen-c-Julien-Gremaud-HD-038-400x267.jpg"},"medium_large":{"file":"6.-Prix-Art-Humanit\u00e9-exposition-au-premier-plan-le-projet-gagnant-de-Ma\u00ebva-Weissen-c-Julien-Gremaud-HD-038-768x512.jpg","width":"768","height":"512","mime_type":"image\/jpeg","source_url":"https:\/\/www.exclusifmag.com\/online\/wp-content\/uploads\/2019\/10\/6.-Prix-Art-Humanit\u00e9-exposition-au-premier-plan-le-projet-gagnant-de-Ma\u00ebva-Weissen-c-Julien-Gremaud-HD-038-768x512.jpg"},"article1hori":{"file":"6.-Prix-Art-Humanit\u00e9-exposition-au-premier-plan-le-projet-gagnant-de-Ma\u00ebva-Weissen-c-Julien-Gremaud-HD-038-900x500.jpg","width":"900","height":"500","mime_type":"image\/jpeg","source_url":"https:\/\/www.exclusifmag.com\/online\/wp-content\/uploads\/2019\/10\/6.-Prix-Art-Humanit\u00e9-exposition-au-premier-plan-le-projet-gagnant-de-Ma\u00ebva-Weissen-c-Julien-Gremaud-HD-038-900x500.jpg"},"article4":{"file":"6.-Prix-Art-Humanit\u00e9-exposition-au-premier-plan-le-projet-gagnant-de-Ma\u00ebva-Weissen-c-Julien-Gremaud-HD-038-400x400.jpg","width":"400","height":"400","mime_type":"image\/jpeg","source_url":"https:\/\/www.exclusifmag.com\/online\/wp-content\/uploads\/2019\/10\/6.-Prix-Art-Humanit\u00e9-exposition-au-premier-plan-le-projet-gagnant-de-Ma\u00ebva-Weissen-c-Julien-Gremaud-HD-038-400x400.jpg"},"article2":{"file":"6.-Prix-Art-Humanit\u00e9-exposition-au-premier-plan-le-projet-gagnant-de-Ma\u00ebva-Weissen-c-Julien-Gremaud-HD-038-800x400.jpg","width":"800","height":"400","mime_type":"image\/jpeg","source_url":"https:\/\/www.exclusifmag.com\/online\/wp-content\/uploads\/2019\/10\/6.-Prix-Art-Humanit\u00e9-exposition-au-premier-plan-le-projet-gagnant-de-Ma\u00ebva-Weissen-c-Julien-Gremaud-HD-038-800x400.jpg"},"article1verti":{"file":"6.-Prix-Art-Humanit\u00e9-exposition-au-premier-plan-le-projet-gagnant-de-Ma\u00ebva-Weissen-c-Julien-Gremaud-HD-038-400x600.jpg","width":"400","height":"600","mime_type":"image\/jpeg","source_url":"https:\/\/www.exclusifmag.com\/online\/wp-content\/uploads\/2019\/10\/6.-Prix-Art-Humanit\u00e9-exposition-au-premier-plan-le-projet-gagnant-de-Ma\u00ebva-Weissen-c-Julien-Gremaud-HD-038-400x600.jpg"},"article":{"file":"6.-Prix-Art-Humanit\u00e9-exposition-au-premier-plan-le-projet-gagnant-de-Ma\u00ebva-Weissen-c-Julien-Gremaud-HD-038-840x400.jpg","width":"840","height":"400","mime_type":"image\/jpeg","source_url":"https:\/\/www.exclusifmag.com\/online\/wp-content\/uploads\/2019\/10\/6.-Prix-Art-Humanit\u00e9-exposition-au-premier-plan-le-projet-gagnant-de-Ma\u00ebva-Weissen-c-Julien-Gremaud-HD-038-840x400.jpg"},"article900":{"file":"6.-Prix-Art-Humanit\u00e9-exposition-au-premier-plan-le-projet-gagnant-de-Ma\u00ebva-Weissen-c-Julien-Gremaud-HD-038-825x550.jpg","width":"825","height":"550","mime_type":"image\/jpeg","source_url":"https:\/\/www.exclusifmag.com\/online\/wp-content\/uploads\/2019\/10\/6.-Prix-Art-Humanit\u00e9-exposition-au-premier-plan-le-projet-gagnant-de-Ma\u00ebva-Weissen-c-Julien-Gremaud-HD-038-825x550.jpg"},"magpapier":{"file":"6.-Prix-Art-Humanit\u00e9-exposition-au-premier-plan-le-projet-gagnant-de-Ma\u00ebva-Weissen-c-Julien-Gremaud-HD-038-500x600.jpg","width":"500","height":"600","mime_type":"image\/jpeg","source_url":"https:\/\/www.exclusifmag.com\/online\/wp-content\/uploads\/2019\/10\/6.-Prix-Art-Humanit\u00e9-exposition-au-premier-plan-le-projet-gagnant-de-Ma\u00ebva-Weissen-c-Julien-Gremaud-HD-038-500x600.jpg"},"full":{"file":"6.-Prix-Art-Humanit\u00e9-exposition-au-premier-plan-le-projet-gagnant-de-Ma\u00ebva-Weissen-c-Julien-Gremaud-HD-038.jpg","width":900,"height":600,"mime_type":"image\/jpeg","source_url":"https:\/\/www.exclusifmag.com\/online\/wp-content\/uploads\/2019\/10\/6.-Prix-Art-Humanit\u00e9-exposition-au-premier-plan-le-projet-gagnant-de-Ma\u00ebva-Weissen-c-Julien-Gremaud-HD-038.jpg"}},"image_meta":{"aperture":"7.1","credit":"","camera":"ILCE-7M3","caption":"","created_timestamp":"1569945696","copyright":"","focal_length":"18","iso":"800","shutter_speed":"0.1","title":"","orientation":"0"}},"post":9028,"source_url":"https:\/\/www.exclusifmag.com\/online\/wp-content\/uploads\/2019\/10\/6.-Prix-Art-Humanit\u00e9-exposition-au-premier-plan-le-projet-gagnant-de-Ma\u00ebva-Weissen-c-Julien-Gremaud-HD-038.jpg","_links":{"self":[{"href":"https:\/\/www.exclusifmag.com\/online\/wp-json\/wp\/v2\/media\/9046","targetHints":{"allow":["GET"]}}],"collection":[{"href":"https:\/\/www.exclusifmag.com\/online\/wp-json\/wp\/v2\/media"}],"about":[{"href":"https:\/\/www.exclusifmag.com\/online\/wp-json\/wp\/v2\/types\/attachment"}],"author":[{"embeddable":true,"href":"https:\/\/www.exclusifmag.com\/online\/wp-json\/wp\/v2\/users\/1"}],"replies":[{"embeddable":true,"href":"https:\/\/www.exclusifmag.com\/online\/wp-json\/wp\/v2\/comments?post=9046"}],"wp:attached-to":[{"embeddable":true,"post_type":"post","id":9028,"href":"https:\/\/www.exclusifmag.com\/online\/wp-json\/wp\/v2\/posts\/9028"}],"curies":[{"name":"wp","href":"https:\/\/api.w.org\/{rel}","templated":true}]}}

http://www.exclusifmag.com/online/wp-content/uploads/2019/10/6.-Prix-Art-Humanité-exposition-au-premier-plan-le-projet-gagnant-de-Maëva-Weissen-c-Julien-Gremaud-HD-038.jpg

6.-Prix-Art-Humanité-exposition-au-premier-plan-le-projet-gagnant-de-Maëva-Weissen-c-Julien-Gremaud-HD-038

<p class="attachment"><a href='https://www.exclusifmag.com/online/wp-content/uploads/2019/10/6.-Prix-Art-Humanité-exposition-au-premier-plan-le-projet-gagnant-de-Maëva-Weissen-c-Julien-Gremaud-HD-038.jpg'><img loading="lazy" decoding="async" width="400" height="267" src="https://www.exclusifmag.com/online/wp-content/uploads/2019/10/6.-Prix-Art-Humanité-exposition-au-premier-plan-le-projet-gagnant-de-Maëva-Weissen-c-Julien-Gremaud-HD-038-400x267.jpg" class="attachment-medium size-medium" alt="Prix Art Humanité exposition au premier plan le projet gagnant de Maëva Weissen (c) Julien Gremaud-HD-038" srcset="https://www.exclusifmag.com/online/wp-content/uploads/2019/10/6.-Prix-Art-Humanité-exposition-au-premier-plan-le-projet-gagnant-de-Maëva-Weissen-c-Julien-Gremaud-HD-038-400x267.jpg 400w, https://www.exclusifmag.com/online/wp-content/uploads/2019/10/6.-Prix-Art-Humanité-exposition-au-premier-plan-le-projet-gagnant-de-Maëva-Weissen-c-Julien-Gremaud-HD-038-768x512.jpg 768w, https://www.exclusifmag.com/online/wp-content/uploads/2019/10/6.-Prix-Art-Humanité-exposition-au-premier-plan-le-projet-gagnant-de-Maëva-Weissen-c-Julien-Gremaud-HD-038-825x550.jpg 825w, https://www.exclusifmag.com/online/wp-content/uploads/2019/10/6.-Prix-Art-Humanité-exposition-au-premier-plan-le-projet-gagnant-de-Maëva-Weissen-c-Julien-Gremaud-HD-038.jpg 900w" sizes="auto, (max-width: 400px) 100vw, 400px" /></a></p>

Prix Art Humanité exposition au premier plan le projet gagnant de Maëva Weissen (c) Julien Gremaud-HD-038

2019/10/6.-Prix-Art-Humanité-exposition-au-premier-plan-le-projet-gagnant-de-Maëva-Weissen-c-Julien-Gremaud-HD-038.jpg

6.-Prix-Art-Humanité-exposition-au-premier-plan-le-projet-gagnant-de-Maëva-Weissen-c-Julien-Gremaud-HD-038-250x250.jpg

https://www.exclusifmag.com/online/wp-content/uploads/2019/10/6.-Prix-Art-Humanité-exposition-au-premier-plan-le-projet-gagnant-de-Maëva-Weissen-c-Julien-Gremaud-HD-038-250x250.jpg

6.-Prix-Art-Humanité-exposition-au-premier-plan-le-projet-gagnant-de-Maëva-Weissen-c-Julien-Gremaud-HD-038-400x267.jpg

https://www.exclusifmag.com/online/wp-content/uploads/2019/10/6.-Prix-Art-Humanité-exposition-au-premier-plan-le-projet-gagnant-de-Maëva-Weissen-c-Julien-Gremaud-HD-038-400x267.jpg

6.-Prix-Art-Humanité-exposition-au-premier-plan-le-projet-gagnant-de-Maëva-Weissen-c-Julien-Gremaud-HD-038-768x512.jpg

https://www.exclusifmag.com/online/wp-content/uploads/2019/10/6.-Prix-Art-Humanité-exposition-au-premier-plan-le-projet-gagnant-de-Maëva-Weissen-c-Julien-Gremaud-HD-038-768x512.jpg

6.-Prix-Art-Humanité-exposition-au-premier-plan-le-projet-gagnant-de-Maëva-Weissen-c-Julien-Gremaud-HD-038-900x500.jpg

https://www.exclusifmag.com/online/wp-content/uploads/2019/10/6.-Prix-Art-Humanité-exposition-au-premier-plan-le-projet-gagnant-de-Maëva-Weissen-c-Julien-Gremaud-HD-038-900x500.jpg

6.-Prix-Art-Humanité-exposition-au-premier-plan-le-projet-gagnant-de-Maëva-Weissen-c-Julien-Gremaud-HD-038-400x400.jpg

https://www.exclusifmag.com/online/wp-content/uploads/2019/10/6.-Prix-Art-Humanité-exposition-au-premier-plan-le-projet-gagnant-de-Maëva-Weissen-c-Julien-Gremaud-HD-038-400x400.jpg

6.-Prix-Art-Humanité-exposition-au-premier-plan-le-projet-gagnant-de-Maëva-Weissen-c-Julien-Gremaud-HD-038-800x400.jpg

https://www.exclusifmag.com/online/wp-content/uploads/2019/10/6.-Prix-Art-Humanité-exposition-au-premier-plan-le-projet-gagnant-de-Maëva-Weissen-c-Julien-Gremaud-HD-038-800x400.jpg

6.-Prix-Art-Humanité-exposition-au-premier-plan-le-projet-gagnant-de-Maëva-Weissen-c-Julien-Gremaud-HD-038-400x600.jpg

https://www.exclusifmag.com/online/wp-content/uploads/2019/10/6.-Prix-Art-Humanité-exposition-au-premier-plan-le-projet-gagnant-de-Maëva-Weissen-c-Julien-Gremaud-HD-038-400x600.jpg

6.-Prix-Art-Humanité-exposition-au-premier-plan-le-projet-gagnant-de-Maëva-Weissen-c-Julien-Gremaud-HD-038-840x400.jpg

https://www.exclusifmag.com/online/wp-content/uploads/2019/10/6.-Prix-Art-Humanité-exposition-au-premier-plan-le-projet-gagnant-de-Maëva-Weissen-c-Julien-Gremaud-HD-038-840x400.jpg

6.-Prix-Art-Humanité-exposition-au-premier-plan-le-projet-gagnant-de-Maëva-Weissen-c-Julien-Gremaud-HD-038-825x550.jpg

https://www.exclusifmag.com/online/wp-content/uploads/2019/10/6.-Prix-Art-Humanité-exposition-au-premier-plan-le-projet-gagnant-de-Maëva-Weissen-c-Julien-Gremaud-HD-038-825x550.jpg

6.-Prix-Art-Humanité-exposition-au-premier-plan-le-projet-gagnant-de-Maëva-Weissen-c-Julien-Gremaud-HD-038-500x600.jpg

https://www.exclusifmag.com/online/wp-content/uploads/2019/10/6.-Prix-Art-Humanité-exposition-au-premier-plan-le-projet-gagnant-de-Maëva-Weissen-c-Julien-Gremaud-HD-038-500x600.jpg

6.-Prix-Art-Humanité-exposition-au-premier-plan-le-projet-gagnant-de-Maëva-Weissen-c-Julien-Gremaud-HD-038.jpg

https://www.exclusifmag.com/online/wp-content/uploads/2019/10/6.-Prix-Art-Humanité-exposition-au-premier-plan-le-projet-gagnant-de-Maëva-Weissen-c-Julien-Gremaud-HD-038.jpg
